CRAN Package Check Results for Package gap

Last updated on 2022-07-04 07:48:55 CEST.

Flavor Version Tinstall Tcheck Ttotal Status Flags
r-devel-linux-x86_64-debian-clang 1.2.3-6 27.48 230.98 258.46 NOTE
r-devel-linux-x86_64-debian-gcc 1.2.3-6 20.83 167.08 187.91 NOTE
r-devel-linux-x86_64-fedora-clang 1.2.3-6 313.78 NOTE
r-devel-linux-x86_64-fedora-gcc 1.2.3-6 312.18 NOTE
r-devel-windows-x86_64 1.2.3-6 78.00 316.00 394.00 NOTE
r-patched-linux-x86_64 1.2.3-6 22.25 217.57 239.82 OK
r-release-linux-x86_64 1.2.3-6 25.75 218.53 244.28 OK
r-release-macos-arm64 1.2.3-6 106.00 NOTE
r-release-macos-x86_64 1.2.3-6 136.00 NOTE
r-release-windows-x86_64 1.2.3-6 91.00 322.00 413.00 NOTE
r-oldrel-macos-arm64 1.2.3-6 100.00 NOTE
r-oldrel-macos-x86_64 1.2.3-6 137.00 NOTE
r-oldrel-windows-ix86+x86_64 1.2.3-6 65.00 312.00 377.00 NOTE

Check Details

Version: 1.2.3-6
Check: Rd files
Result: NOTE
    checkRd: (-1) mia.Rd:39: Escaped LaTeX specials: \#
Flavors: r-devel-linux-x86_64-debian-clang, r-devel-linux-x86_64-debian-gcc, r-devel-linux-x86_64-fedora-clang, r-devel-linux-x86_64-fedora-gcc, r-devel-windows-x86_64

Version: 1.2.3-6
Check: installed package size
Result: NOTE
     installed size is 5.8Mb
     sub-directories of 1Mb or more:
     doc 4.2Mb
Flavors: r-devel-linux-x86_64-fedora-clang, r-devel-windows-x86_64, r-release-macos-arm64, r-release-macos-x86_64, r-release-windows-x86_64, r-oldrel-macos-arm64, r-oldrel-macos-x86_64, r-oldrel-windows-ix86+x86_64