Last updated on 2022-08-12 06:49:20 CEST.
Flavor | Version | Tinstall | Tcheck | Ttotal | Status | Flags |
---|---|---|---|---|---|---|
r-devel-linux-x86_64-debian-clang | 0.0.5 | 4.07 | 17.62 | 21.69 | NOTE | |
r-devel-linux-x86_64-debian-gcc | 0.0.5 | 3.57 | 14.05 | 17.62 | NOTE | |
r-devel-linux-x86_64-fedora-clang | 0.0.5 | 37.78 | NOTE | |||
r-devel-linux-x86_64-fedora-gcc | 0.0.5 | 38.48 | NOTE | |||
r-devel-windows-x86_64 | 0.0.5 | 28.00 | 39.00 | 67.00 | NOTE | |
r-patched-linux-x86_64 | 0.0.5 | 4.44 | 17.08 | 21.52 | OK | |
r-release-linux-x86_64 | 0.0.5 | 5.14 | 16.86 | 22.00 | OK | |
r-release-macos-arm64 | 0.0.5 | 14.00 | OK | |||
r-release-macos-x86_64 | 0.0.5 | 21.00 | OK | |||
r-release-windows-x86_64 | 0.0.5 | 62.00 | 41.00 | 103.00 | OK | |
r-oldrel-macos-arm64 | 0.0.5 | 15.00 | OK | |||
r-oldrel-macos-x86_64 | 0.0.5 | 19.00 | OK | |||
r-oldrel-windows-ix86+x86_64 | 0.0.5 | 9.00 | 29.00 | 38.00 | OK |
Version: 0.0.5
Check: Rd files
Result: NOTE
checkRd: (-1) meyer.Rd:11: Escaped LaTeX specials: \&
Flavors: r-devel-linux-x86_64-debian-clang, r-devel-linux-x86_64-debian-gcc, r-devel-linux-x86_64-fedora-clang, r-devel-linux-x86_64-fedora-gcc, r-devel-windows-x86_64