CRAN Package Check Results for Package ganalytics

Last updated on 2022-05-27 07:50:05 CEST.

Flavor Version Tinstall Tcheck Ttotal Status Flags
r-devel-linux-x86_64-debian-clang 0.10.7 65.57 143.11 208.68 NOTE
r-devel-linux-x86_64-debian-gcc 0.10.7 52.14 107.94 160.08 NOTE
r-devel-linux-x86_64-fedora-clang 0.10.7 261.81 NOTE
r-devel-linux-x86_64-fedora-gcc 0.10.7 259.05 NOTE
r-devel-windows-x86_64 0.10.7 266.00 168.00 434.00 NOTE
r-patched-linux-x86_64 0.10.7 49.28 131.69 180.97 NOTE
r-release-linux-x86_64 0.10.7 45.96 133.03 178.99 NOTE
r-release-macos-arm64 0.10.7 66.00 NOTE
r-release-macos-x86_64 0.10.7 117.00 NOTE
r-release-windows-x86_64 0.10.7 349.00 173.00 522.00 NOTE
r-oldrel-macos-arm64 0.10.7 77.00 NOTE
r-oldrel-macos-x86_64 0.10.7 118.00 NOTE
r-oldrel-windows-ix86+x86_64 0.10.7 112.00 156.00 268.00 NOTE

Check Details

Version: 0.10.7
Check: LazyData
Result: NOTE
     'LazyData' is specified without a 'data' directory
Flavors: r-devel-linux-x86_64-debian-clang, r-devel-linux-x86_64-debian-gcc, r-devel-linux-x86_64-fedora-clang, r-devel-linux-x86_64-fedora-gcc, r-devel-windows-x86_64, r-patched-linux-x86_64, r-release-linux-x86_64, r-release-macos-arm64, r-release-macos-x86_64, r-release-windows-x86_64, r-oldrel-macos-arm64, r-oldrel-macos-x86_64, r-oldrel-windows-ix86+x86_64