Last updated on 2022-05-22 07:53:13 CEST.
Flavor | Version | Tinstall | Tcheck | Ttotal | Status | Flags |
---|---|---|---|---|---|---|
r-devel-linux-x86_64-debian-clang | 6.0-3 | 61.20 | 261.09 | 322.29 | OK | |
r-devel-linux-x86_64-debian-gcc | 6.0-3 | 44.67 | 186.85 | 231.52 | OK | |
r-devel-linux-x86_64-fedora-clang | 6.0-3 | 364.93 | NOTE | |||
r-devel-linux-x86_64-fedora-gcc | 6.0-3 | 362.99 | OK | |||
r-devel-windows-x86_64 | 6.0-3 | 376.00 | 234.00 | 610.00 | OK | |
r-patched-linux-x86_64 | 6.0-3 | 57.95 | 238.82 | 296.77 | OK | |
r-release-linux-x86_64 | 6.0-3 | 55.80 | 236.76 | 292.56 | OK | |
r-release-macos-arm64 | 6.0-3 | 69.00 | OK | |||
r-release-macos-x86_64 | 6.0-3 | 114.00 | OK | |||
r-release-windows-x86_64 | 6.0-3 | 400.00 | 230.00 | 630.00 | OK | |
r-oldrel-macos-arm64 | 6.0-3 | 81.00 | OK | |||
r-oldrel-macos-x86_64 | 6.0-3 | 133.00 | OK | |||
r-oldrel-windows-ix86+x86_64 | 6.0-3 | 99.00 | 265.00 | 364.00 | OK |
Version: 6.0-3
Check: Rd cross-references
Result: NOTE
Undeclared package ‘gamlss’ in Rd xrefs
Flavor: r-devel-linux-x86_64-fedora-clang