CRAN Package Check Results for Package galigor

Last updated on 2022-07-06 07:48:59 CEST.

Flavor Version Tinstall Tcheck Ttotal Status Flags
r-devel-linux-x86_64-debian-clang 0.2.5 8.17 68.98 77.15 OK
r-devel-linux-x86_64-debian-gcc 0.2.5 6.20 50.63 56.83 OK
r-devel-linux-x86_64-fedora-clang 0.2.5 97.46 NOTE
r-devel-linux-x86_64-fedora-gcc 0.2.5 97.18 NOTE
r-devel-windows-x86_64 0.2.5 21.00 93.00 114.00 OK
r-patched-linux-x86_64 0.2.5 5.40 64.26 69.66 OK
r-release-linux-x86_64 0.2.5 4.67 64.69 69.36 OK
r-release-macos-arm64 0.2.5 29.00 NOTE
r-release-macos-x86_64 0.2.5 47.00 NOTE
r-release-windows-x86_64 0.2.5 15.00 92.00 107.00 OK
r-oldrel-macos-arm64 0.2.5 43.00 NOTE
r-oldrel-macos-x86_64 0.2.5 39.00 NOTE
r-oldrel-windows-ix86+x86_64 0.2.5 22.00 84.00 106.00 OK

Check Details

Version: 0.2.5
Check: dependencies in R code
Result: NOTE
    Namespaces in Imports field not imported from:
     ‘gargle’ ‘getProxy’ ‘rappsflyer’ ‘rfacebookstat’ ‘rgoogleads’
     ‘rmytarget’ ‘rvkstat’ ‘ryandexdirect’ ‘rym’ ‘tidyr’
     All declared Imports should be used.
Flavors: r-devel-linux-x86_64-fedora-clang, r-devel-linux-x86_64-fedora-gcc, r-release-macos-arm64, r-release-macos-x86_64, r-oldrel-macos-arm64, r-oldrel-macos-x86_64