CRAN Package Check Results for Package fwildclusterboot

Last updated on 2022-07-05 07:50:55 CEST.

Flavor Version Tinstall Tcheck Ttotal Status Flags
r-devel-linux-x86_64-debian-clang 0.9 50.52 193.74 244.26 OK
r-devel-linux-x86_64-debian-gcc 0.9 40.22 154.77 194.99 OK
r-devel-linux-x86_64-fedora-clang 0.9 318.54 WARN
r-devel-linux-x86_64-fedora-gcc 0.9 320.16 WARN
r-devel-windows-x86_64 0.9 162.00 240.00 402.00 OK
r-patched-linux-x86_64 0.9 50.75 199.61 250.36 OK
r-release-linux-x86_64 0.9 46.82 197.06 243.88 OK
r-release-macos-arm64 0.9 97.00 OK
r-release-macos-x86_64 0.9 114.00 OK
r-release-windows-x86_64 0.9 160.00 246.00 406.00 OK
r-oldrel-macos-arm64 0.9 94.00 OK
r-oldrel-macos-x86_64 0.9 111.00 OK
r-oldrel-windows-ix86+x86_64 0.9 121.00 358.00 479.00 OK

Check Details

Version: 0.9
Check: package dependencies
Result: WARN
    Requires orphaned package: ‘gtools’
Flavors: r-devel-linux-x86_64-fedora-clang, r-devel-linux-x86_64-fedora-gcc