CRAN Package Check Results for Package fuzzyjoin

Last updated on 2022-07-03 07:51:53 CEST.

Flavor Version Tinstall Tcheck Ttotal Status Flags
r-devel-linux-x86_64-debian-clang 0.1.6 5.47 171.91 177.38 OK
r-devel-linux-x86_64-debian-gcc 0.1.6 4.86 119.53 124.39 OK
r-devel-linux-x86_64-fedora-clang 0.1.6 207.27 OK
r-devel-linux-x86_64-fedora-gcc 0.1.6 200.76 OK
r-devel-windows-x86_64 0.1.6 27.00 192.00 219.00 OK
r-patched-linux-x86_64 0.1.6 10.20 152.05 162.25 OK
r-release-linux-x86_64 0.1.6 5.45 150.13 155.58 OK
r-release-macos-arm64 0.1.6 74.00 NOTE
r-release-macos-x86_64 0.1.6 133.00 OK
r-release-windows-x86_64 0.1.6 29.00 195.00 224.00 OK
r-oldrel-macos-arm64 0.1.6 65.00 OK
r-oldrel-macos-x86_64 0.1.6 82.00 OK
r-oldrel-windows-ix86+x86_64 0.1.6 16.00 169.00 185.00 OK

Check Details

Version: 0.1.6
Check: package dependencies
Result: NOTE
    Package suggested but not available for checking: ‘IRanges’
Flavor: r-release-macos-arm64

Version: 0.1.6
Check: Rd cross-references
Result: NOTE
    Package unavailable to check Rd xrefs: ‘IRanges’
Flavor: r-release-macos-arm64