Last updated on 2022-08-11 07:51:45 CEST.
Flavor | Version | Tinstall | Tcheck | Ttotal | Status | Flags |
---|---|---|---|---|---|---|
r-devel-linux-x86_64-debian-clang | 0.2.1 | 368.83 | 55.41 | 424.24 | OK | |
r-devel-linux-x86_64-debian-gcc | 0.2.1 | 290.46 | 47.05 | 337.51 | OK | |
r-devel-linux-x86_64-fedora-clang | 0.2.1 | 680.31 | NOTE | |||
r-devel-linux-x86_64-fedora-gcc | 0.2.1 | 543.74 | OK | |||
r-devel-windows-x86_64 | 0.2.1 | 190.00 | 136.00 | 326.00 | OK | |
r-patched-linux-x86_64 | 0.2.1 | 279.81 | 56.44 | 336.25 | OK | |
r-release-linux-x86_64 | 0.2.1 | OK | ||||
r-release-macos-arm64 | 0.2.1 | 143.00 | NOTE | |||
r-release-macos-x86_64 | 0.2.1 | 217.00 | NOTE | |||
r-release-windows-x86_64 | 0.2.1 | 192.00 | 135.00 | 327.00 | OK | |
r-oldrel-macos-arm64 | 0.2.1 | 169.00 | NOTE | |||
r-oldrel-macos-x86_64 | 0.2.1 | 283.00 | NOTE | |||
r-oldrel-windows-ix86+x86_64 | 0.2.1 | 669.00 | 148.00 | 817.00 | NOTE |
Version: 0.2.1
Check: installed package size
Result: NOTE
installed size is 30.3Mb
sub-directories of 1Mb or more:
libs 29.8Mb
Flavors: r-devel-linux-x86_64-fedora-clang, r-release-macos-arm64, r-release-macos-x86_64, r-oldrel-macos-arm64, r-oldrel-macos-x86_64, r-oldrel-windows-ix86+x86_64