CRAN Package Check Results for Package fritools

Last updated on 2022-05-18 06:50:42 CEST.

Flavor Version Tinstall Tcheck Ttotal Status Flags
r-devel-linux-x86_64-debian-clang 3.4.0 3.45 57.31 60.76 OK
r-devel-linux-x86_64-debian-gcc 3.4.0 4.04 44.73 48.77 OK
r-devel-linux-x86_64-fedora-clang 3.4.0 75.01 NOTE
r-devel-linux-x86_64-fedora-gcc 3.4.0 71.66 OK
r-devel-windows-x86_64 3.4.0 129.00 125.00 254.00 OK
r-patched-linux-x86_64 3.4.0 7.00 55.67 62.67 OK
r-release-linux-x86_64 3.4.0 5.34 55.21 60.55 OK
r-release-macos-arm64 3.4.0 49.00 OK
r-release-macos-x86_64 3.4.0 75.00 OK
r-release-windows-x86_64 3.4.0 182.00 128.00 310.00 OK
r-oldrel-macos-arm64 3.4.0 50.00 OK
r-oldrel-macos-x86_64 3.4.0 76.00 OK
r-oldrel-windows-ix86+x86_64 3.4.0 12.00 106.00 118.00 OK

Check Details

Version: 3.4.0
Check: Rd cross-references
Result: NOTE
    Undeclared package ‘covr’ in Rd xrefs
Flavor: r-devel-linux-x86_64-fedora-clang