CRAN Package Check Results for Package fredr

Last updated on 2022-01-20 06:49:20 CET.

Flavor Version Tinstall Tcheck Ttotal Status Flags
r-devel-linux-x86_64-debian-clang 2.1.0 OK
r-devel-linux-x86_64-debian-gcc 2.1.0 2.60 47.48 50.08 OK
r-devel-linux-x86_64-fedora-clang 2.1.0 78.57 NOTE
r-devel-linux-x86_64-fedora-gcc 2.1.0 66.71 NOTE
r-devel-windows-x86_64-new-UL 2.1.0 76.00 127.00 203.00 OK
r-devel-windows-x86_64-new-TK 2.1.0 NOTE
r-patched-linux-x86_64 2.1.0 5.23 50.63 55.86 OK
r-release-linux-x86_64 2.1.0 OK
r-release-macos-arm64 2.1.0 NOTE
r-release-macos-x86_64 2.1.0 NOTE
r-release-windows-ix86+x86_64 2.1.0 8.00 66.00 74.00 OK
r-oldrel-macos-x86_64 2.1.0 NOTE
r-oldrel-windows-ix86+x86_64 2.1.0 9.00 66.00 75.00 OK

Check Details

Version: 2.1.0
Check: data for non-ASCII characters
Result: NOTE
     Note: found 1 marked UTF-8 string
Flavors: r-devel-linux-x86_64-fedora-clang, r-devel-linux-x86_64-fedora-gcc, r-devel-windows-x86_64-new-TK, r-release-macos-arm64, r-release-macos-x86_64, r-oldrel-macos-x86_64