CRAN Package Check Results for Package forestmodel

Last updated on 2022-05-19 07:50:09 CEST.

Flavor Version Tinstall Tcheck Ttotal Status Flags
r-devel-linux-x86_64-debian-clang 0.6.2 8.02 74.50 82.52 NOTE
r-devel-linux-x86_64-debian-gcc 0.6.2 4.89 55.72 60.61 NOTE
r-devel-linux-x86_64-fedora-clang 0.6.2 95.02 NOTE
r-devel-linux-x86_64-fedora-gcc 0.6.2 91.92 NOTE
r-devel-windows-x86_64 0.6.2 26.00 85.00 111.00 NOTE
r-patched-linux-x86_64 0.6.2 5.82 69.69 75.51 NOTE
r-release-linux-x86_64 0.6.2 4.56 69.85 74.41 NOTE
r-release-macos-arm64 0.6.2 24.00 NOTE
r-release-macos-x86_64 0.6.2 51.00 NOTE
r-release-windows-x86_64 0.6.2 22.00 83.00 105.00 NOTE
r-oldrel-macos-arm64 0.6.2 32.00 NOTE
r-oldrel-macos-x86_64 0.6.2 46.00 NOTE
r-oldrel-windows-ix86+x86_64 0.6.2 17.00 85.00 102.00 NOTE

Check Details

Version: 0.6.2
Check: LazyData
Result: NOTE
     'LazyData' is specified without a 'data' directory
Flavors: r-devel-linux-x86_64-debian-clang, r-devel-linux-x86_64-debian-gcc, r-devel-linux-x86_64-fedora-clang, r-devel-linux-x86_64-fedora-gcc, r-devel-windows-x86_64, r-patched-linux-x86_64, r-release-linux-x86_64, r-release-macos-arm64, r-release-macos-x86_64, r-release-windows-x86_64, r-oldrel-macos-arm64, r-oldrel-macos-x86_64, r-oldrel-windows-ix86+x86_64