CRAN Package Check Results for Package forestecology

Last updated on 2022-01-26 06:50:14 CET.

Flavor Version Tinstall Tcheck Ttotal Status Flags
r-devel-linux-x86_64-debian-clang 0.2.0 11.67 163.24 174.91 OK
r-devel-linux-x86_64-debian-gcc 0.2.0 8.75 118.59 127.34 OK
r-devel-linux-x86_64-fedora-clang 0.2.0 197.97 NOTE
r-devel-linux-x86_64-fedora-gcc 0.2.0 189.02 NOTE
r-devel-windows-x86_64-new-UL 0.2.0 192.00 194.00 386.00 OK
r-devel-windows-x86_64-new-TK 0.2.0 NOTE
r-patched-linux-x86_64 0.2.0 11.00 146.50 157.50 OK
r-release-linux-x86_64 0.2.0 9.77 145.26 155.03 OK
r-release-macos-arm64 0.2.0 NOTE
r-release-macos-x86_64 0.2.0 NOTE
r-release-windows-ix86+x86_64 0.2.0 24.00 173.00 197.00 OK
r-oldrel-macos-x86_64 0.2.0 NOTE
r-oldrel-windows-ix86+x86_64 0.2.0 23.00 174.00 197.00 OK

Check Details

Version: 0.2.0
Check: dependencies in R code
Result: NOTE
    Namespaces in Imports field not imported from:
     ‘blockCV’ ‘patchwork’
     All declared Imports should be used.
Flavors: r-devel-linux-x86_64-fedora-clang, r-devel-linux-x86_64-fedora-gcc, r-devel-windows-x86_64-new-TK, r-release-macos-arm64, r-release-macos-x86_64, r-oldrel-macos-x86_64