CRAN Package Check Results for Package foolbox

Last updated on 2022-05-21 07:55:23 CEST.

Flavor Version Tinstall Tcheck Ttotal Status Flags
r-devel-linux-x86_64-debian-clang 0.1.1 2.92 84.68 87.60 NOTE
r-devel-linux-x86_64-debian-gcc 0.1.1 2.37 62.12 64.49 NOTE
r-devel-linux-x86_64-fedora-clang 0.1.1 103.31 NOTE
r-devel-linux-x86_64-fedora-gcc 0.1.1 101.09 NOTE
r-devel-windows-x86_64 0.1.1 28.00 120.00 148.00 NOTE
r-patched-linux-x86_64 0.1.1 3.60 80.25 83.85 NOTE
r-release-linux-x86_64 0.1.1 3.12 82.41 85.53 NOTE
r-release-macos-arm64 0.1.1 30.00 NOTE
r-release-macos-x86_64 0.1.1 52.00 NOTE
r-release-windows-x86_64 0.1.1 33.00 132.00 165.00 NOTE
r-oldrel-macos-arm64 0.1.1 33.00 NOTE
r-oldrel-macos-x86_64 0.1.1 49.00 NOTE
r-oldrel-windows-ix86+x86_64 0.1.1 7.00 95.00 102.00 NOTE

Check Details

Version: 0.1.1
Check: LazyData
Result: NOTE
     'LazyData' is specified without a 'data' directory
Flavors: r-devel-linux-x86_64-debian-clang, r-devel-linux-x86_64-debian-gcc, r-devel-linux-x86_64-fedora-clang, r-devel-linux-x86_64-fedora-gcc, r-devel-windows-x86_64, r-patched-linux-x86_64, r-release-linux-x86_64, r-release-macos-arm64, r-release-macos-x86_64, r-release-windows-x86_64, r-oldrel-macos-arm64, r-oldrel-macos-x86_64, r-oldrel-windows-ix86+x86_64