CRAN Package Check Results for Package foodingraph

Last updated on 2022-05-17 07:53:05 CEST.

Flavor Version Tinstall Tcheck Ttotal Status Flags
r-devel-linux-x86_64-debian-clang 0.1.0 9.89 257.87 267.76 NOTE
r-devel-linux-x86_64-debian-gcc 0.1.0 6.95 195.14 202.09 NOTE
r-devel-linux-x86_64-fedora-clang 0.1.0 306.29 NOTE
r-devel-linux-x86_64-fedora-gcc 0.1.0 311.06 NOTE
r-devel-windows-x86_64 0.1.0 22.00 285.00 307.00 NOTE
r-patched-linux-x86_64 0.1.0 12.72 256.14 268.86 NOTE
r-release-linux-x86_64 0.1.0 5.08 243.51 248.59 NOTE
r-release-macos-arm64 0.1.0 109.00 NOTE
r-release-macos-x86_64 0.1.0 160.00 NOTE
r-release-windows-x86_64 0.1.0 27.00 285.00 312.00 NOTE
r-oldrel-macos-arm64 0.1.0 166.00 NOTE
r-oldrel-macos-x86_64 0.1.0 175.00 NOTE
r-oldrel-windows-ix86+x86_64 0.1.0 21.00 99.00 120.00 NOTE

Check Details

Version: 0.1.0
Check: LazyData
Result: NOTE
     'LazyData' is specified without a 'data' directory
Flavors: r-devel-linux-x86_64-debian-clang, r-devel-linux-x86_64-debian-gcc, r-devel-linux-x86_64-fedora-clang, r-devel-linux-x86_64-fedora-gcc, r-devel-windows-x86_64, r-patched-linux-x86_64, r-release-linux-x86_64, r-release-macos-arm64, r-release-macos-x86_64, r-release-windows-x86_64, r-oldrel-macos-arm64, r-oldrel-macos-x86_64, r-oldrel-windows-ix86+x86_64

Version: 0.1.0
Check: dependencies in R code
Result: NOTE
    Namespace in Imports field not imported from: ‘grid’
     All declared Imports should be used.
Flavors: r-devel-linux-x86_64-fedora-clang, r-devel-linux-x86_64-fedora-gcc, r-release-macos-arm64, r-release-macos-x86_64, r-oldrel-macos-arm64, r-oldrel-macos-x86_64

Version: 0.1.0
Check: package dependencies
Result: NOTE
    Package suggested but not available for checking: ‘minet’
Flavors: r-release-macos-arm64, r-oldrel-macos-arm64