Last updated on 2022-05-17 07:53:05 CEST.
Flavor | Version | Tinstall | Tcheck | Ttotal | Status | Flags |
---|---|---|---|---|---|---|
r-devel-linux-x86_64-debian-clang | 0.3.4 | 41.37 | 84.45 | 125.82 | OK | |
r-devel-linux-x86_64-debian-gcc | 0.3.4 | 36.59 | 64.26 | 100.85 | OK | |
r-devel-linux-x86_64-fedora-clang | 0.3.4 | 163.95 | NOTE | |||
r-devel-linux-x86_64-fedora-gcc | 0.3.4 | 157.60 | OK | |||
r-devel-windows-x86_64 | 0.3.4 | 49.00 | 94.00 | 143.00 | NOTE | |
r-patched-linux-x86_64 | 0.3.4 | 41.11 | 78.92 | 120.03 | OK | |
r-release-linux-x86_64 | 0.3.4 | 42.04 | 77.07 | 119.11 | OK | |
r-release-macos-arm64 | 0.3.4 | 61.00 | NOTE | |||
r-release-macos-x86_64 | 0.3.4 | 92.00 | NOTE | |||
r-release-windows-x86_64 | 0.3.4 | 50.00 | 98.00 | 148.00 | NOTE | |
r-oldrel-macos-arm64 | 0.3.4 | 75.00 | NOTE | |||
r-oldrel-macos-x86_64 | 0.3.4 | 100.00 | NOTE | |||
r-oldrel-windows-ix86+x86_64 | 0.3.4 | 71.00 | 88.00 | 159.00 | NOTE |
Version: 0.3.4
Check: installed package size
Result: NOTE
installed size is 7.2Mb
sub-directories of 1Mb or more:
R 7.0Mb
Flavors: r-devel-linux-x86_64-fedora-clang, r-devel-windows-x86_64, r-release-macos-arm64, r-release-macos-x86_64, r-release-windows-x86_64, r-oldrel-macos-arm64, r-oldrel-macos-x86_64, r-oldrel-windows-ix86+x86_64