CRAN Package Check Results for Package flippant

Last updated on 2022-05-17 07:53:05 CEST.

Flavor Version Tinstall Tcheck Ttotal Status Flags
r-devel-linux-x86_64-debian-clang 1.5.3 5.44 66.21 71.65 NOTE
r-devel-linux-x86_64-debian-gcc 1.5.3 5.12 49.13 54.25 NOTE
r-devel-linux-x86_64-fedora-clang 1.5.3 85.23 NOTE
r-devel-linux-x86_64-fedora-gcc 1.5.3 81.40 NOTE
r-devel-windows-x86_64 1.5.3 20.00 82.00 102.00 NOTE
r-patched-linux-x86_64 1.5.3 11.38 61.94 73.32 NOTE
r-release-linux-x86_64 1.5.3 6.20 61.21 67.41 NOTE
r-release-macos-arm64 1.5.3 25.00 NOTE
r-release-macos-x86_64 1.5.3 46.00 NOTE
r-release-windows-x86_64 1.5.3 21.00 81.00 102.00 NOTE
r-oldrel-macos-arm64 1.5.3 33.00 NOTE
r-oldrel-macos-x86_64 1.5.3 46.00 NOTE
r-oldrel-windows-ix86+x86_64 1.5.3 17.00 73.00 90.00 NOTE

Check Details

Version: 1.5.3
Check: LazyData
Result: NOTE
     'LazyData' is specified without a 'data' directory
Flavors: r-devel-linux-x86_64-debian-clang, r-devel-linux-x86_64-debian-gcc, r-devel-linux-x86_64-fedora-clang, r-devel-linux-x86_64-fedora-gcc, r-devel-windows-x86_64, r-patched-linux-x86_64, r-release-linux-x86_64, r-release-macos-arm64, r-release-macos-x86_64, r-release-windows-x86_64, r-oldrel-macos-arm64, r-oldrel-macos-x86_64, r-oldrel-windows-ix86+x86_64