CRAN Package Check Results for Package flightplot

Last updated on 2022-05-19 07:50:09 CEST.

Flavor Version Tinstall Tcheck Ttotal Status Flags
r-devel-linux-x86_64-debian-clang 0.1.0 5.88 66.29 72.17 OK
r-devel-linux-x86_64-debian-gcc 0.1.0 4.82 49.90 54.72 OK
r-devel-linux-x86_64-fedora-clang 0.1.0 85.95 NOTE
r-devel-linux-x86_64-fedora-gcc 0.1.0 81.90 NOTE
r-devel-windows-x86_64 0.1.0 29.00 78.00 107.00 OK
r-patched-linux-x86_64 0.1.0 5.96 61.41 67.37 OK
r-release-linux-x86_64 0.1.0 5.33 60.83 66.16 OK
r-release-macos-arm64 0.1.0 25.00 NOTE
r-release-macos-x86_64 0.1.0 49.00 NOTE
r-release-windows-x86_64 0.1.0 23.00 80.00 103.00 OK
r-oldrel-macos-arm64 0.1.0 30.00 NOTE
r-oldrel-macos-x86_64 0.1.0 38.00 NOTE
r-oldrel-windows-ix86+x86_64 0.1.0 16.00 73.00 89.00 OK

Check Details

Version: 0.1.0
Check: data for non-ASCII characters
Result: NOTE
     Note: found 710 marked UTF-8 strings
Flavors: r-devel-linux-x86_64-fedora-clang, r-devel-linux-x86_64-fedora-gcc, r-release-macos-arm64, r-release-macos-x86_64, r-oldrel-macos-arm64, r-oldrel-macos-x86_64