Last updated on 2022-05-21 07:55:23 CEST.
Flavor | Version | Tinstall | Tcheck | Ttotal | Status | Flags |
---|---|---|---|---|---|---|
r-devel-linux-x86_64-debian-clang | 0.6.2 | 6.46 | 99.84 | 106.30 | OK | |
r-devel-linux-x86_64-debian-gcc | 0.6.2 | 5.62 | 74.17 | 79.79 | OK | |
r-devel-linux-x86_64-fedora-clang | 0.6.2 | 127.20 | NOTE | |||
r-devel-linux-x86_64-fedora-gcc | 0.6.2 | 120.12 | NOTE | |||
r-devel-windows-x86_64 | 0.6.2 | 20.00 | 129.00 | 149.00 | OK | |
r-patched-linux-x86_64 | 0.6.2 | 5.46 | 92.28 | 97.74 | OK | |
r-release-linux-x86_64 | 0.6.2 | 6.37 | 92.77 | 99.14 | OK | |
r-release-macos-arm64 | 0.6.2 | 37.00 | NOTE | |||
r-release-macos-x86_64 | 0.6.2 | 77.00 | NOTE | |||
r-release-windows-x86_64 | 0.6.2 | 21.00 | 120.00 | 141.00 | OK | |
r-oldrel-macos-arm64 | 0.6.2 | 47.00 | NOTE | |||
r-oldrel-macos-x86_64 | 0.6.2 | 52.00 | NOTE | |||
r-oldrel-windows-ix86+x86_64 | 0.6.2 | 19.00 | 116.00 | 135.00 | OK |
Version: 0.6.2
Check: dependencies in R code
Result: NOTE
Namespace in Imports field not imported from: ‘rstudioapi’
All declared Imports should be used.
Flavors: r-devel-linux-x86_64-fedora-clang, r-devel-linux-x86_64-fedora-gcc, r-release-macos-arm64, r-release-macos-x86_64, r-oldrel-macos-arm64, r-oldrel-macos-x86_64