Last updated on 2022-05-26 06:55:40 CEST.
Flavor | Version | Tinstall | Tcheck | Ttotal | Status | Flags |
---|---|---|---|---|---|---|
r-devel-linux-x86_64-debian-clang | 0.2.0 | 7.27 | 70.29 | 77.56 | OK | |
r-devel-linux-x86_64-debian-gcc | 0.2.0 | 6.18 | 59.18 | 65.36 | OK | |
r-devel-linux-x86_64-fedora-clang | 0.2.0 | 91.18 | NOTE | |||
r-devel-linux-x86_64-fedora-gcc | 0.2.0 | 88.08 | NOTE | |||
r-devel-windows-x86_64 | 0.2.0 | 25.00 | 85.00 | 110.00 | OK | |
r-patched-linux-x86_64 | 0.2.0 | 7.40 | 66.47 | 73.87 | OK | |
r-release-linux-x86_64 | 0.2.0 | OK | ||||
r-release-macos-arm64 | 0.2.0 | 23.00 | NOTE | |||
r-release-macos-x86_64 | 0.2.0 | 52.00 | NOTE | |||
r-release-windows-x86_64 | 0.2.0 | 24.00 | 86.00 | 110.00 | OK | |
r-oldrel-macos-arm64 | 0.2.0 | 34.00 | NOTE | |||
r-oldrel-macos-x86_64 | 0.2.0 | 39.00 | NOTE | |||
r-oldrel-windows-ix86+x86_64 | 0.2.0 | 18.00 | 78.00 | 96.00 | OK |
Version: 0.2.0
Check: dependencies in R code
Result: NOTE
Namespace in Imports field not imported from: ‘jsonlite’
All declared Imports should be used.
Flavors: r-devel-linux-x86_64-fedora-clang, r-devel-linux-x86_64-fedora-gcc, r-release-macos-arm64, r-release-macos-x86_64, r-oldrel-macos-arm64, r-oldrel-macos-x86_64