Last updated on 2022-05-19 07:50:08 CEST.
Flavor | Version | Tinstall | Tcheck | Ttotal | Status | Flags |
---|---|---|---|---|---|---|
r-devel-linux-x86_64-debian-clang | 1.4.1-1 | 10.22 | 169.49 | 179.71 | OK | |
r-devel-linux-x86_64-debian-gcc | 1.4.1-1 | 6.17 | 122.30 | 128.47 | OK | |
r-devel-linux-x86_64-fedora-clang | 1.4.1-1 | 207.08 | NOTE | |||
r-devel-linux-x86_64-fedora-gcc | 1.4.1-1 | 209.60 | OK | |||
r-devel-windows-x86_64 | 1.4.1-1 | 92.00 | 206.00 | 298.00 | OK | |
r-patched-linux-x86_64 | 1.4.1-1 | 12.41 | 164.36 | 176.77 | OK | |
r-release-linux-x86_64 | 1.4.1-1 | 10.99 | 161.63 | 172.62 | OK | |
r-release-macos-arm64 | 1.4.1-1 | 50.00 | OK | |||
r-release-macos-x86_64 | 1.4.1-1 | 72.00 | OK | |||
r-release-windows-x86_64 | 1.4.1-1 | 128.00 | 194.00 | 322.00 | OK | |
r-oldrel-macos-arm64 | 1.4.1-1 | 62.00 | OK | |||
r-oldrel-macos-x86_64 | 1.4.1-1 | 103.00 | OK | |||
r-oldrel-windows-ix86+x86_64 | 1.4.1-1 | 16.00 | 217.00 | 233.00 | OK |
Version: 1.4.1-1
Check: Rd cross-references
Result: NOTE
Undeclared packages ‘BinaryEPPM’, ‘extraDistr’, ‘triangle’ in Rd xrefs
Flavor: r-devel-linux-x86_64-fedora-clang