CRAN Package Check Results for Package fitHeavyTail

Last updated on 2022-01-28 06:53:21 CET.

Flavor Version Tinstall Tcheck Ttotal Status Flags
r-devel-linux-x86_64-debian-clang 0.1.2 8.46 91.52 99.98 NOTE
r-devel-linux-x86_64-debian-gcc 0.1.2 9.03 72.66 81.69 NOTE
r-devel-linux-x86_64-fedora-clang 0.1.2 118.21 NOTE
r-devel-linux-x86_64-fedora-gcc 0.1.2 111.07 NOTE
r-devel-windows-x86_64-new-UL 0.1.2 47.00 113.00 160.00 NOTE
r-devel-windows-x86_64-new-TK 0.1.2 NOTE
r-patched-linux-x86_64 0.1.2 8.40 85.05 93.45 NOTE
r-release-linux-x86_64 0.1.2 8.79 83.92 92.71 NOTE
r-release-macos-arm64 0.1.2 NOTE
r-release-macos-x86_64 0.1.2 NOTE
r-release-windows-ix86+x86_64 0.1.2 21.00 101.00 122.00 NOTE
r-oldrel-macos-x86_64 0.1.2 OK
r-oldrel-windows-ix86+x86_64 0.1.2 21.00 102.00 123.00 OK

Check Details

Version: 0.1.2
Check: LazyData
Result: NOTE
     'LazyData' is specified without a 'data' directory
Flavors: r-devel-linux-x86_64-debian-clang, r-devel-linux-x86_64-debian-gcc, r-devel-linux-x86_64-fedora-clang, r-devel-linux-x86_64-fedora-gcc, r-devel-windows-x86_64-new-UL, r-devel-windows-x86_64-new-TK, r-patched-linux-x86_64, r-release-linux-x86_64, r-release-macos-arm64, r-release-macos-x86_64, r-release-windows-ix86+x86_64