CRAN Package Check Results for Package filearray

Last updated on 2022-08-08 07:50:58 CEST.

Flavor Version Tinstall Tcheck Ttotal Status Flags
r-devel-linux-x86_64-debian-clang 0.1.3 113.26 70.75 184.01 OK
r-devel-linux-x86_64-debian-gcc 0.1.4 88.74 48.01 136.75 OK
r-devel-linux-x86_64-fedora-clang 0.1.4 273.22 OK
r-devel-linux-x86_64-fedora-gcc 0.1.4 229.92 OK
r-devel-windows-x86_64 0.1.4 107.00 121.00 228.00 OK
r-patched-linux-x86_64 0.1.3 95.37 62.91 158.28 OK
r-release-linux-x86_64 0.1.4 OK
r-release-macos-arm64 0.1.3 55.00 OK
r-release-macos-x86_64 0.1.3 76.00 OK
r-release-windows-x86_64 0.1.4 139.00 138.00 277.00 OK
r-oldrel-macos-arm64 0.1.3 50.00 NOTE
r-oldrel-macos-x86_64 0.1.3 74.00 OK
r-oldrel-windows-ix86+x86_64 0.1.3 274.00 135.00 409.00 OK

Check Details

Version: 0.1.3
Check: installed package size
Result: NOTE
     installed size is 5.4Mb
     sub-directories of 1Mb or more:
     libs 5.0Mb
Flavor: r-oldrel-macos-arm64