Last updated on 2022-07-06 07:48:58 CEST.
Flavor | Version | Tinstall | Tcheck | Ttotal | Status | Flags |
---|---|---|---|---|---|---|
r-devel-linux-x86_64-debian-clang | 13.3 | 21.30 | 300.16 | 321.46 | NOTE | |
r-devel-linux-x86_64-debian-gcc | 13.3 | 18.99 | 219.83 | 238.82 | NOTE | |
r-devel-linux-x86_64-fedora-clang | 13.3 | 381.11 | NOTE | |||
r-devel-linux-x86_64-fedora-gcc | 13.3 | 401.74 | NOTE | |||
r-devel-windows-x86_64 | 14.0 | 216.00 | 322.00 | 538.00 | OK | |
r-patched-linux-x86_64 | 13.3 | 25.15 | 281.31 | 306.46 | OK | |
r-release-linux-x86_64 | 13.3 | 21.65 | 283.11 | 304.76 | OK | |
r-release-macos-arm64 | 13.3 | 109.00 | OK | |||
r-release-macos-x86_64 | 13.3 | 209.00 | OK | |||
r-release-windows-x86_64 | 13.3 | 92.00 | 337.00 | 429.00 | OK | |
r-oldrel-macos-arm64 | 13.3 | 96.00 | OK | |||
r-oldrel-macos-x86_64 | 13.3 | 155.00 | OK | |||
r-oldrel-windows-ix86+x86_64 | 13.3 | 51.00 | 540.00 | 591.00 | OK |
Version: 13.3
Check: Rd files
Result: NOTE
checkRd: (-1) Exponential.Rd:86: Escaped LaTeX specials: \^
checkRd: (-1) image.cov.Rd:89: Escaped LaTeX specials: \$
checkRd: (-1) image.cov.Rd:122: Escaped LaTeX specials: \$ \$
checkRd: (-1) interp.surface.Rd:54: Escaped LaTeX specials: \$
checkRd: (-1) predict.Krig.Rd:77: Escaped LaTeX specials: \$
checkRd: (-1) predict.Krig.Rd:95: Escaped LaTeX specials: \$
Flavors: r-devel-linux-x86_64-debian-clang, r-devel-linux-x86_64-debian-gcc, r-devel-linux-x86_64-fedora-clang, r-devel-linux-x86_64-fedora-gcc