CRAN Package Check Results for Package fgeo.analyze

Last updated on 2022-05-28 07:55:57 CEST.

Flavor Version Tinstall Tcheck Ttotal Status Flags
r-devel-linux-x86_64-debian-clang 1.1.14 7.74 145.30 153.04 NOTE
r-devel-linux-x86_64-debian-gcc 1.1.14 5.53 107.17 112.70 NOTE
r-devel-linux-x86_64-fedora-clang 1.1.14 176.46 NOTE
r-devel-linux-x86_64-fedora-gcc 1.1.14 171.33 NOTE
r-devel-windows-x86_64 1.1.14 53.00 160.00 213.00 NOTE
r-patched-linux-x86_64 1.1.14 9.05 136.03 145.08 NOTE
r-release-linux-x86_64 1.1.14 4.46 136.88 141.34 NOTE
r-release-macos-arm64 1.1.14 43.00 NOTE
r-release-macos-x86_64 1.1.14 87.00 NOTE
r-release-windows-x86_64 1.1.14 67.00 159.00 226.00 NOTE
r-oldrel-macos-arm64 1.1.14 54.00 NOTE
r-oldrel-macos-x86_64 1.1.14 64.00 NOTE
r-oldrel-windows-ix86+x86_64 1.1.14 17.00 157.00 174.00 NOTE

Check Details

Version: 1.1.14
Check: LazyData
Result: NOTE
     'LazyData' is specified without a 'data' directory
Flavors: r-devel-linux-x86_64-debian-clang, r-devel-linux-x86_64-debian-gcc, r-devel-linux-x86_64-fedora-clang, r-devel-linux-x86_64-fedora-gcc, r-devel-windows-x86_64, r-patched-linux-x86_64, r-release-linux-x86_64, r-release-macos-arm64, r-release-macos-x86_64, r-release-windows-x86_64, r-oldrel-macos-arm64, r-oldrel-macos-x86_64, r-oldrel-windows-ix86+x86_64