Last updated on 2022-05-18 06:50:41 CEST.
Flavor | Version | Tinstall | Tcheck | Ttotal | Status | Flags |
---|---|---|---|---|---|---|
r-devel-linux-x86_64-debian-clang | 0.2.3 | 1.33 | 43.17 | 44.50 | NOTE | |
r-devel-linux-x86_64-debian-gcc | 0.2.3 | 1.47 | 34.16 | 35.63 | NOTE | |
r-devel-linux-x86_64-fedora-clang | 0.2.3 | 53.94 | NOTE | |||
r-devel-linux-x86_64-fedora-gcc | 0.2.3 | 52.51 | NOTE | |||
r-devel-windows-x86_64 | 0.2.3 | 13.00 | 66.00 | 79.00 | NOTE | |
r-patched-linux-x86_64 | 0.2.3 | 1.79 | 41.67 | 43.46 | NOTE | |
r-release-linux-x86_64 | 0.2.3 | 2.02 | 41.30 | 43.32 | NOTE | |
r-release-macos-arm64 | 0.2.3 | 19.00 | NOTE | |||
r-release-macos-x86_64 | 0.2.3 | 27.00 | NOTE | |||
r-release-windows-x86_64 | 0.2.3 | 13.00 | 71.00 | 84.00 | NOTE | |
r-oldrel-macos-arm64 | 0.2.3 | 24.00 | NOTE | |||
r-oldrel-macos-x86_64 | 0.2.3 | 32.00 | NOTE | |||
r-oldrel-windows-ix86+x86_64 | 0.2.3 | 6.00 | 54.00 | 60.00 | NOTE |
Version: 0.2.3
Check: LazyData
Result: NOTE
'LazyData' is specified without a 'data' directory
Flavors: r-devel-linux-x86_64-debian-clang, r-devel-linux-x86_64-debian-gcc, r-devel-linux-x86_64-fedora-clang, r-devel-linux-x86_64-fedora-gcc, r-devel-windows-x86_64, r-patched-linux-x86_64, r-release-linux-x86_64, r-release-macos-arm64, r-release-macos-x86_64, r-release-windows-x86_64, r-oldrel-macos-arm64, r-oldrel-macos-x86_64, r-oldrel-windows-ix86+x86_64
Version: 0.2.3
Check: dependencies in R code
Result: NOTE
Namespaces in Imports field not imported from:
‘curl’ ‘prettycode’
All declared Imports should be used.
Flavors: r-devel-linux-x86_64-fedora-clang, r-devel-linux-x86_64-fedora-gcc, r-release-macos-arm64, r-release-macos-x86_64, r-oldrel-macos-arm64, r-oldrel-macos-x86_64