CRAN Package Check Results for Package featureflag

Last updated on 2022-06-30 07:50:10 CEST.

Flavor Version Tinstall Tcheck Ttotal Status Flags
r-devel-linux-x86_64-debian-clang 0.1.0 1.79 26.31 28.10 NOTE
r-devel-linux-x86_64-debian-gcc 0.1.0 1.64 20.86 22.50 NOTE
r-devel-linux-x86_64-fedora-clang 0.1.0 45.42 NOTE
r-devel-linux-x86_64-fedora-gcc 0.1.0 45.13 NOTE
r-devel-windows-x86_64 0.1.0 40.00 57.00 97.00 NOTE
r-patched-linux-x86_64 0.1.0 2.21 26.50 28.71 NOTE
r-release-linux-x86_64 0.1.0 1.72 25.82 27.54 NOTE
r-release-macos-arm64 0.1.0 16.00 NOTE
r-release-macos-x86_64 0.1.0 24.00 NOTE
r-release-windows-x86_64 0.1.0 21.00 54.00 75.00 NOTE
r-oldrel-macos-arm64 0.1.0 23.00 NOTE
r-oldrel-macos-x86_64 0.1.0 28.00 NOTE
r-oldrel-windows-ix86+x86_64 0.1.0 5.00 45.00 50.00 NOTE

Check Details

Version: 0.1.0
Check: LazyData
Result: NOTE
     'LazyData' is specified without a 'data' directory
Flavors: r-devel-linux-x86_64-debian-clang, r-devel-linux-x86_64-debian-gcc, r-devel-linux-x86_64-fedora-clang, r-devel-linux-x86_64-fedora-gcc, r-devel-windows-x86_64, r-patched-linux-x86_64, r-release-linux-x86_64, r-release-macos-arm64, r-release-macos-x86_64, r-release-windows-x86_64, r-oldrel-macos-arm64, r-oldrel-macos-x86_64, r-oldrel-windows-ix86+x86_64