Last updated on 2022-07-06 07:48:58 CEST.
Flavor | Version | Tinstall | Tcheck | Ttotal | Status | Flags |
---|---|---|---|---|---|---|
r-devel-linux-x86_64-debian-clang | 0.9.6 | 16.47 | 160.48 | 176.95 | OK | |
r-devel-linux-x86_64-debian-gcc | 0.9.6 | 13.22 | 122.98 | 136.20 | OK | |
r-devel-linux-x86_64-fedora-clang | 0.9.6 | 223.81 | WARN | |||
r-devel-linux-x86_64-fedora-gcc | 0.9.6 | 224.16 | WARN | |||
r-devel-windows-x86_64 | 0.9.6 | 77.00 | 235.00 | 312.00 | OK | |
r-patched-linux-x86_64 | 0.9.6 | 20.84 | 156.44 | 177.28 | OK | |
r-release-linux-x86_64 | 0.9.6 | 16.55 | 154.44 | 170.99 | OK | |
r-release-macos-arm64 | 0.9.6 | 69.00 | NOTE | |||
r-release-macos-x86_64 | 0.9.6 | 110.00 | NOTE | |||
r-release-windows-x86_64 | 0.9.6 | 71.00 | 238.00 | 309.00 | OK | |
r-oldrel-macos-arm64 | 0.9.6 | 60.00 | NOTE | |||
r-oldrel-macos-x86_64 | 0.9.6 | 91.00 | NOTE | |||
r-oldrel-windows-ix86+x86_64 | 0.9.6 | 37.00 | 223.00 | 260.00 | OK |
Version: 0.9.6
Check: package dependencies
Result: WARN
Imports includes 26 non-default packages.
Importing from so many packages makes the package vulnerable to any of
them becoming unavailable. Move as many as possible to Suggests and
use conditionally.
Requires (indirectly) orphaned package: ‘gtools’
Flavor: r-devel-linux-x86_64-fedora-clang
Version: 0.9.6
Check: data for non-ASCII characters
Result: NOTE
Note: found 3 marked Latin-1 strings
Note: found 3 marked UTF-8 strings
Flavors: r-devel-linux-x86_64-fedora-clang, r-devel-linux-x86_64-fedora-gcc, r-release-macos-arm64, r-release-macos-x86_64, r-oldrel-macos-arm64, r-oldrel-macos-x86_64
Version: 0.9.6
Check: package dependencies
Result: WARN
Requires (indirectly) orphaned package: ‘gtools’
Flavor: r-devel-linux-x86_64-fedora-gcc
Version: 0.9.6
Check: package dependencies
Result: NOTE
Package which this enhances but not available for checking: ‘NMF’
Flavor: r-release-macos-arm64
Version: 0.9.6
Check: Rd cross-references
Result: NOTE
Package unavailable to check Rd xrefs: ‘NMF’
Flavor: r-release-macos-arm64