CRAN Package Check Results for Package fdapace

Last updated on 2022-01-17 06:53:16 CET.

Flavor Version Tinstall Tcheck Ttotal Status Flags
r-devel-linux-x86_64-debian-clang 0.5.8 311.95 204.52 516.47 OK
r-devel-linux-x86_64-debian-gcc 0.5.8 216.89 166.57 383.46 OK
r-devel-linux-x86_64-fedora-clang 0.5.8 730.29 NOTE
r-devel-linux-x86_64-fedora-gcc 0.5.8 670.97 OK
r-devel-windows-x86_64-new-UL 0.5.8 285.00 257.00 542.00 OK
r-devel-windows-x86_64-new-TK 0.5.8 OK
r-patched-linux-x86_64 0.5.8 238.20 219.59 457.79 OK
r-release-linux-x86_64 0.5.8 OK
r-release-macos-arm64 0.5.8 NOTE
r-release-macos-x86_64 0.5.8 NOTE
r-release-windows-ix86+x86_64 0.5.8 656.00 343.00 999.00 OK
r-oldrel-macos-x86_64 0.5.8 NOTE
r-oldrel-windows-ix86+x86_64 0.5.8 652.00 343.00 995.00 OK

Check Details

Version: 0.5.8
Check: installed package size
Result: NOTE
     installed size is 42.2Mb
     sub-directories of 1Mb or more:
     doc 1.0Mb
     libs 40.4Mb
Flavors: r-devel-linux-x86_64-fedora-clang, r-release-macos-arm64, r-release-macos-x86_64, r-oldrel-macos-x86_64