CRAN Package Check Results for Package fdadensity

Last updated on 2022-05-16 06:52:23 CEST.

Flavor Version Tinstall Tcheck Ttotal Status Flags
r-devel-linux-x86_64-debian-clang 0.1.2 27.12 65.26 92.38 OK
r-devel-linux-x86_64-debian-gcc 0.1.2 18.77 48.33 67.10 OK
r-devel-linux-x86_64-fedora-clang 0.1.2 119.42 OK
r-devel-linux-x86_64-fedora-gcc 0.1.2 108.42 OK
r-devel-windows-x86_64 0.1.2 41.00 110.00 151.00 OK
r-patched-linux-x86_64 0.1.2 25.67 61.28 86.95 OK
r-release-linux-x86_64 0.1.2 15.96 61.49 77.45 OK
r-release-macos-arm64 0.1.2 34.00 OK
r-release-macos-x86_64 0.1.2 58.00 OK
r-release-windows-x86_64 0.1.2 44.00 111.00 155.00 OK
r-oldrel-macos-arm64 0.1.2 43.00 OK
r-oldrel-macos-x86_64 0.1.2 60.00 OK
r-oldrel-windows-ix86+x86_64 0.1.2 67.00 116.00 183.00 NOTE

Check Details

Version: 0.1.2
Check: installed package size
Result: NOTE
     installed size is 5.4Mb
     sub-directories of 1Mb or more:
     data 3.3Mb
     libs 2.0Mb
Flavor: r-oldrel-windows-ix86+x86_64