CRAN Package Check Results for Package fastmap

Last updated on 2022-05-22 07:53:12 CEST.

Flavor Version Tinstall Tcheck Ttotal Status Flags
r-devel-linux-x86_64-debian-clang 1.1.0 4.11 47.94 52.05 NOTE
r-devel-linux-x86_64-debian-gcc 1.1.0 4.36 35.84 40.20 NOTE
r-devel-linux-x86_64-fedora-clang 1.1.0 65.74 NOTE
r-devel-linux-x86_64-fedora-gcc 1.1.0 62.54 NOTE
r-devel-windows-x86_64 1.1.0 20.00 67.00 87.00 NOTE
r-patched-linux-x86_64 1.1.0 4.01 46.30 50.31 NOTE
r-release-linux-x86_64 1.1.0 4.89 44.69 49.58 NOTE
r-release-macos-arm64 1.1.0 27.00 NOTE
r-release-macos-x86_64 1.1.0 29.00 NOTE
r-release-windows-x86_64 1.1.0 22.00 66.00 88.00 NOTE
r-oldrel-macos-arm64 1.1.0 26.00 NOTE
r-oldrel-macos-x86_64 1.1.0 40.00 NOTE
r-oldrel-windows-ix86+x86_64 1.1.0 20.00 79.00 99.00 NOTE

Check Details

Version: 1.1.0
Check: LazyData
Result: NOTE
     'LazyData' is specified without a 'data' directory
Flavors: r-devel-linux-x86_64-debian-clang, r-devel-linux-x86_64-debian-gcc, r-devel-linux-x86_64-fedora-clang, r-devel-linux-x86_64-fedora-gcc, r-devel-windows-x86_64, r-patched-linux-x86_64, r-release-linux-x86_64, r-release-macos-arm64, r-release-macos-x86_64, r-release-windows-x86_64, r-oldrel-macos-arm64, r-oldrel-macos-x86_64, r-oldrel-windows-ix86+x86_64