Last updated on 2022-05-24 07:52:20 CEST.
Flavor | Version | Tinstall | Tcheck | Ttotal | Status | Flags |
---|---|---|---|---|---|---|
r-devel-linux-x86_64-debian-clang | 1.1.0 | 2.61 | 57.92 | 60.53 | NOTE | |
r-devel-linux-x86_64-debian-gcc | 1.1.0 | 1.98 | 43.39 | 45.37 | NOTE | |
r-devel-linux-x86_64-fedora-clang | 1.1.0 | 69.98 | NOTE | |||
r-devel-linux-x86_64-fedora-gcc | 1.1.0 | 70.37 | NOTE | |||
r-devel-windows-x86_64 | 1.1.0 | 10.00 | 71.00 | 81.00 | NOTE | |
r-patched-linux-x86_64 | 1.1.0 | 2.72 | 56.77 | 59.49 | NOTE | |
r-release-linux-x86_64 | 1.1.0 | NOTE | ||||
r-release-macos-arm64 | 1.1.0 | 23.00 | NOTE | |||
r-release-macos-x86_64 | 1.1.0 | 29.00 | NOTE | |||
r-release-windows-x86_64 | 1.1.0 | 9.00 | 69.00 | 78.00 | NOTE | |
r-oldrel-macos-arm64 | 1.1.0 | 19.00 | NOTE | |||
r-oldrel-macos-x86_64 | 1.1.0 | 31.00 | NOTE | |||
r-oldrel-windows-ix86+x86_64 | 1.1.0 | 6.00 | 62.00 | 68.00 | NOTE |
Version: 1.1.0
Check: LazyData
Result: NOTE
'LazyData' is specified without a 'data' directory
Flavors: r-devel-linux-x86_64-debian-clang, r-devel-linux-x86_64-debian-gcc, r-devel-linux-x86_64-fedora-clang, r-devel-linux-x86_64-fedora-gcc, r-devel-windows-x86_64, r-patched-linux-x86_64, r-release-linux-x86_64, r-release-macos-arm64, r-release-macos-x86_64, r-release-windows-x86_64, r-oldrel-macos-arm64, r-oldrel-macos-x86_64, r-oldrel-windows-ix86+x86_64
Version: 1.1.0
Check: dependencies in R code
Result: NOTE
Namespace in Imports field not imported from: ‘rgdal’
All declared Imports should be used.
Flavors: r-devel-linux-x86_64-fedora-clang, r-devel-linux-x86_64-fedora-gcc, r-release-macos-arm64, r-release-macos-x86_64, r-oldrel-macos-arm64, r-oldrel-macos-x86_64