CRAN Package Check Results for Package fastglm

Last updated on 2022-01-22 06:48:52 CET.

Flavor Version Tinstall Tcheck Ttotal Status Flags
r-devel-linux-x86_64-debian-clang 0.0.1 97.64 68.49 166.13 NOTE
r-devel-linux-x86_64-debian-gcc 0.0.1 83.89 56.05 139.94 NOTE
r-devel-linux-x86_64-fedora-clang 0.0.1 232.29 NOTE
r-devel-linux-x86_64-fedora-gcc 0.0.1 226.62 OK
r-devel-windows-x86_64-new-UL 0.0.1 83.00 116.00 199.00 NOTE
r-devel-windows-x86_64-new-TK 0.0.1 OK
r-patched-linux-x86_64 0.0.1 105.83 71.54 177.37 NOTE
r-release-linux-x86_64 0.0.1 94.80 71.01 165.81 NOTE
r-release-macos-arm64 0.0.1 NOTE
r-release-macos-x86_64 0.0.1 NOTE
r-release-windows-ix86+x86_64 0.0.1 219.00 127.00 346.00 NOTE
r-oldrel-macos-x86_64 0.0.1 NOTE
r-oldrel-windows-ix86+x86_64 0.0.1 219.00 121.00 340.00 NOTE

Check Details

Version: 0.0.1
Check: package vignettes
Result: NOTE
    Package vignette with placeholder title 'Vignette Title':
     'quick-usage-guide-to-the-fastglm-package.Rmd'
Flavors: r-devel-linux-x86_64-debian-clang, r-devel-linux-x86_64-debian-gcc, r-devel-windows-x86_64-new-UL, r-patched-linux-x86_64, r-release-linux-x86_64, r-release-windows-ix86+x86_64, r-oldrel-windows-ix86+x86_64

Version: 0.0.1
Check: installed package size
Result: NOTE
     installed size is 37.9Mb
     sub-directories of 1Mb or more:
     libs 37.7Mb
Flavors: r-devel-linux-x86_64-fedora-clang, r-release-macos-arm64, r-release-macos-x86_64, r-oldrel-macos-x86_64