Last updated on 2022-05-20 06:50:56 CEST.
Flavor | Version | Tinstall | Tcheck | Ttotal | Status | Flags |
---|---|---|---|---|---|---|
r-devel-linux-x86_64-debian-clang | 0.6.0 | 65.04 | 150.93 | 215.97 | OK | |
r-devel-linux-x86_64-debian-gcc | 0.6.0 | 57.65 | 111.88 | 169.53 | OK | |
r-devel-linux-x86_64-fedora-clang | 0.6.0 | 275.84 | NOTE | |||
r-devel-linux-x86_64-fedora-gcc | 0.6.0 | 263.41 | OK | |||
r-devel-windows-x86_64 | 0.6.0 | 80.00 | 179.00 | 259.00 | NOTE | |
r-patched-linux-x86_64 | 0.6.0 | 51.87 | 142.56 | 194.43 | OK | |
r-release-linux-x86_64 | 0.6.0 | 44.38 | 139.96 | 184.34 | OK | |
r-release-macos-arm64 | 0.6.0 | 71.00 | NOTE | |||
r-release-macos-x86_64 | 0.6.0 | 134.00 | NOTE | |||
r-release-windows-x86_64 | 0.6.0 | 78.00 | 179.00 | 257.00 | NOTE | |
r-oldrel-macos-arm64 | 0.6.0 | 79.00 | NOTE | |||
r-oldrel-macos-x86_64 | 0.6.0 | 117.00 | NOTE | |||
r-oldrel-windows-ix86+x86_64 | 0.6.0 | 161.00 | 220.00 | 381.00 | NOTE |
Version: 0.6.0
Check: installed package size
Result: NOTE
installed size is 6.9Mb
sub-directories of 1Mb or more:
data 4.8Mb
libs 1.7Mb
Flavors: r-devel-linux-x86_64-fedora-clang, r-devel-windows-x86_64, r-release-macos-arm64, r-release-macos-x86_64, r-release-windows-x86_64, r-oldrel-macos-arm64, r-oldrel-macos-x86_64, r-oldrel-windows-ix86+x86_64