Last updated on 2022-07-03 07:51:53 CEST.
Flavor | Version | Tinstall | Tcheck | Ttotal | Status | Flags |
---|---|---|---|---|---|---|
r-devel-linux-x86_64-debian-clang | 1.1.1 | 6.96 | 47.09 | 54.05 | OK | |
r-devel-linux-x86_64-debian-gcc | 1.1.1 | 4.92 | 34.88 | 39.80 | OK | |
r-devel-linux-x86_64-fedora-clang | 1.1.1 | 75.69 | NOTE | |||
r-devel-linux-x86_64-fedora-gcc | 1.1.1 | 71.61 | OK | |||
r-devel-windows-x86_64 | 1.1.1 | 25.00 | 72.00 | 97.00 | OK | |
r-patched-linux-x86_64 | 1.1.1 | 6.98 | 44.07 | 51.05 | OK | |
r-release-linux-x86_64 | 1.1.1 | 5.63 | 44.65 | 50.28 | OK | |
r-release-macos-arm64 | 1.1.1 | 23.00 | OK | |||
r-release-macos-x86_64 | 1.1.1 | 48.00 | NOTE | |||
r-release-windows-x86_64 | 1.1.1 | 22.00 | 73.00 | 95.00 | OK | |
r-oldrel-macos-arm64 | 1.1.1 | 26.00 | OK | |||
r-oldrel-macos-x86_64 | 1.1.1 | 37.00 | OK | |||
r-oldrel-windows-ix86+x86_64 | 1.1.1 | 20.00 | 79.00 | 99.00 | OK |
Version: 1.1.1
Check: Rd cross-references
Result: NOTE
Undeclared package ‘RWeka’ in Rd xrefs
Flavor: r-devel-linux-x86_64-fedora-clang
Version: 1.1.1
Check: Rd cross-references
Result: NOTE
Package unavailable to check Rd xrefs: ‘RWeka’
Flavor: r-release-macos-x86_64