CRAN Package Check Results for Package factory

Last updated on 2022-01-29 06:49:33 CET.

Flavor Version Tinstall Tcheck Ttotal Status Flags
r-devel-linux-x86_64-debian-clang 0.1.0 1.59 41.20 42.79 NOTE
r-devel-linux-x86_64-debian-gcc 0.1.0 2.01 32.38 34.39 NOTE
r-devel-linux-x86_64-fedora-clang 0.1.0 48.45 NOTE
r-devel-linux-x86_64-fedora-gcc 0.1.0 36.50 NOTE
r-devel-windows-x86_64-new-UL 0.1.0 29.00 64.00 93.00 NOTE
r-devel-windows-x86_64-new-TK 0.1.0 NOTE
r-patched-linux-x86_64 0.1.0 1.96 34.57 36.53 NOTE
r-release-linux-x86_64 0.1.0 1.55 34.45 36.00 NOTE
r-release-macos-arm64 0.1.0 NOTE
r-release-macos-x86_64 0.1.0 NOTE
r-release-windows-ix86+x86_64 0.1.0 5.00 44.00 49.00 NOTE
r-oldrel-macos-x86_64 0.1.0 OK
r-oldrel-windows-ix86+x86_64 0.1.0 5.00 45.00 50.00 OK

Check Details

Version: 0.1.0
Check: LazyData
Result: NOTE
     'LazyData' is specified without a 'data' directory
Flavors: r-devel-linux-x86_64-debian-clang, r-devel-linux-x86_64-debian-gcc, r-devel-linux-x86_64-fedora-clang, r-devel-linux-x86_64-fedora-gcc, r-devel-windows-x86_64-new-UL, r-devel-windows-x86_64-new-TK, r-patched-linux-x86_64, r-release-linux-x86_64, r-release-macos-arm64, r-release-macos-x86_64, r-release-windows-ix86+x86_64