CRAN Package Check Results for Package facerec

Last updated on 2022-05-21 07:55:23 CEST.

Flavor Version Tinstall Tcheck Ttotal Status Flags
r-devel-linux-x86_64-debian-clang 0.1.0 5.77 63.75 69.52 NOTE
r-devel-linux-x86_64-debian-gcc 0.1.0 4.70 47.18 51.88 NOTE
r-devel-linux-x86_64-fedora-clang 0.1.0 82.24 NOTE
r-devel-linux-x86_64-fedora-gcc 0.1.0 79.07 NOTE
r-devel-windows-x86_64 0.1.0 16.00 85.00 101.00 NOTE
r-patched-linux-x86_64 0.1.0 4.92 58.27 63.19 NOTE
r-release-linux-x86_64 0.1.0 5.15 59.10 64.25 NOTE
r-release-macos-arm64 0.1.0 25.00 NOTE
r-release-macos-x86_64 0.1.0 49.00 NOTE
r-release-windows-x86_64 0.1.0 17.00 87.00 104.00 NOTE
r-oldrel-macos-arm64 0.1.0 30.00 NOTE
r-oldrel-macos-x86_64 0.1.0 38.00 NOTE
r-oldrel-windows-ix86+x86_64 0.1.0 16.00 69.00 85.00 NOTE

Check Details

Version: 0.1.0
Check: LazyData
Result: NOTE
     'LazyData' is specified without a 'data' directory
Flavors: r-devel-linux-x86_64-debian-clang, r-devel-linux-x86_64-debian-gcc, r-devel-linux-x86_64-fedora-clang, r-devel-linux-x86_64-fedora-gcc, r-devel-windows-x86_64, r-patched-linux-x86_64, r-release-linux-x86_64, r-release-macos-arm64, r-release-macos-x86_64, r-release-windows-x86_64, r-oldrel-macos-arm64, r-oldrel-macos-x86_64, r-oldrel-windows-ix86+x86_64