CRAN Package Check Results for Package ezr

Last updated on 2022-08-08 07:50:58 CEST.

Flavor Version Tinstall Tcheck Ttotal Status Flags
r-devel-linux-x86_64-debian-clang 0.1.5 7.80 74.25 82.05 NOTE
r-devel-linux-x86_64-debian-gcc 0.1.5 6.36 54.41 60.77 NOTE
r-devel-linux-x86_64-fedora-clang 0.1.5 112.08 NOTE
r-devel-linux-x86_64-fedora-gcc 0.1.5 103.91 NOTE
r-devel-windows-x86_64 0.1.5 14.00 93.00 107.00 NOTE
r-patched-linux-x86_64 0.1.5 8.23 69.49 77.72 NOTE
r-release-linux-x86_64 0.1.5 NOTE
r-release-macos-arm64 0.1.5 31.00 NOTE
r-release-macos-x86_64 0.1.5 51.00 NOTE
r-release-windows-x86_64 0.1.5 14.00 94.00 108.00 NOTE
r-oldrel-macos-arm64 0.1.5 35.00 NOTE
r-oldrel-macos-x86_64 0.1.5 49.00 NOTE
r-oldrel-windows-ix86+x86_64 0.1.5 21.00 90.00 111.00 NOTE

Check Details

Version: 0.1.5
Check: LazyData
Result: NOTE
     'LazyData' is specified without a 'data' directory
Flavors: r-devel-linux-x86_64-debian-clang, r-devel-linux-x86_64-debian-gcc, r-devel-linux-x86_64-fedora-clang, r-devel-linux-x86_64-fedora-gcc, r-devel-windows-x86_64, r-patched-linux-x86_64, r-release-linux-x86_64, r-release-macos-arm64, r-release-macos-x86_64, r-release-windows-x86_64, r-oldrel-macos-arm64, r-oldrel-macos-x86_64, r-oldrel-windows-ix86+x86_64