CRAN Package Check Results for Package exuber

Last updated on 2022-01-17 06:53:15 CET.

Flavor Version Tinstall Tcheck Ttotal Status Flags
r-devel-linux-x86_64-debian-clang 0.4.2 37.73 173.80 211.53 NOTE
r-devel-linux-x86_64-debian-gcc 0.4.2 27.03 133.63 160.66 NOTE
r-devel-linux-x86_64-fedora-clang 0.4.2 262.34 NOTE
r-devel-linux-x86_64-fedora-gcc 0.4.2 249.53 NOTE
r-devel-windows-x86_64-new-UL 0.4.2 88.00 217.00 305.00 NOTE
r-devel-windows-x86_64-new-TK 0.4.2 NOTE
r-patched-linux-x86_64 0.4.2 41.31 171.87 213.18 NOTE
r-release-linux-x86_64 0.4.2 NOTE
r-release-macos-arm64 0.4.2 NOTE
r-release-macos-x86_64 0.4.2 NOTE
r-release-windows-ix86+x86_64 0.4.2 95.00 283.00 378.00 WARN
r-oldrel-macos-x86_64 0.4.2 NOTE
r-oldrel-windows-ix86+x86_64 0.4.2 94.00 277.00 371.00 NOTE

Check Details

Version: 0.4.2
Check: package dependencies
Result: NOTE
    Package suggested but not available for checking: 'exuberdata'
Flavors: r-devel-linux-x86_64-debian-clang, r-devel-linux-x86_64-debian-gcc, r-devel-linux-x86_64-fedora-clang, r-devel-linux-x86_64-fedora-gcc, r-devel-windows-x86_64-new-UL, r-devel-windows-x86_64-new-TK, r-patched-linux-x86_64, r-release-linux-x86_64, r-release-macos-arm64, r-release-macos-x86_64, r-release-windows-ix86+x86_64, r-oldrel-macos-x86_64, r-oldrel-windows-ix86+x86_64

Version: 0.4.2
Check: PDF version of manual
Result: WARN
    LaTeX errors when creating PDF version.
    This typically indicates Rd problems.
    LaTeX errors found:
    ! Argument of \UTFviii@three@octets has an extra }.
    <inserted text>
     \par
    l.15 ...mon Spavound; Enrique Martínez-García}}}{}
     \begin{description}
    ! Paragraph ended before \UTFviii@three@octets was complete.
    <to be read again>
     \par
    l.15 ...mon Spavound; Enrique Martínez-García}}}{}
     \begin{description}
    ! Paragraph ended before \def was complete.
    <to be read again>
     \par
    l.15 ...mon Spavound; Enrique Martínez-García}}}{}
     \begin{description}
    ! Paragraph ended before \def was complete.
    <to be read again>
     \par
    l.15 ...mon Spavound; Enrique Martínez-García}}}{}
     \begin{description}
    ! Paragraph ended before \def was complete.
    <to be read again>
     \par
    l.15 ...mon Spavound; Enrique Martínez-García}}}{}
     \begin{description}
    ! Paragraph ended before \def was complete.
    <to be read again>
     \par
    l.15 ...mon Spavound; Enrique Martínez-García}}}{}
     \begin{description}
    ! Paragraph ended before \def was complete.
    <to be read again>
     \par
    l.15 ...mon Spavound; Enrique Martínez-García}}}{}
     \begin{description}
    ! Paragraph ended before \def was complete.
    <to be read again>
     \par
    l.15 ...mon Spavound; Enrique Martínez-García}}}{}
     \begin{description}
    ! Paragraph ended before \def was complete.
    <to be read again>
     \par
    l.15 ...mon Spavound; Enrique Martínez-García}}}{}
     \begin{description}
    ! Paragraph ended before \def was complete.
    <to be read again>
     \par
    l.15 ...mon Spavound; Enrique Martínez-García}}}{}
     \begin{description}
    ! Paragraph ended before \def was complete.
    <to be read again>
     \par
    l.15 ...mon Spavound; Enrique Martínez-García}}}{}
     \begin{description}
    ! Paragraph ended before \def was complete.
    <to be read again>
     \par
    l.15 ...mon Spavound; Enrique Martínez-García}}}{}
     \begin{description}
    ! Paragraph ended before \def was complete.
    <to be read again>
     \par
    l.15 ...mon Spavound; Enrique Martínez-García}}}{}
     \begin{description}
    ! Paragraph ended before \def was complete.
    <to be read again>
     \par
    l.15 ...mon Spavound; Enrique Martínez-García}}}{}
     \begin{description}
    ! Paragraph ended before \def was complete.
    <to be read again>
     \par
    l.15 ...mon Spavound; Enrique Martínez-García}}}{}
     \begin{description}
    ! Paragraph ended before \def was complete.
    <to be read again>
     \par
    l.15 ...mon Spavound; Enrique Martínez-García}}}{}
     \begin{description}
    ! Paragraph ended before \def was complete.
    <to be read again>
     \par
    l.15 ...mon Spavound; Enrique Martínez-García}}}{}
     \begin{description}
    ! Paragraph ended before \def was complete.
    <to be read again>
     \par
    l.15 ...mon Spavound; Enrique Martínez-García}}}{}
     \begin{description}
    ! Paragraph ended before \def was complete.
    <to be read again>
     \par
    l.15 ...mon Spavound; Enrique Martínez-García}}}{}
     \begin{description}
    ! Paragraph ended before \def was complete.
    <to be read again>
     \par
    l.15 ...mon Spavound; Enrique Martínez-García}}}{}
     \begin{description}
    ! Paragraph ended before \def was complete.
    <to be read again>
     \par
    l.15 ...mon Spavound; Enrique Martínez-García}}}{}
     \begin{description}
    ! Paragraph ended before \def was complete.
    <to be read again>
     \par
    l.15 ...mon Spavound; Enrique Martínez-García}}}{}
     \begin{description}
    ! Paragraph ended before \def was complete.
    <to be read again>
     \par
    l.15 ...mon Spavound; Enrique Martínez-García}}}{}
     \begin{description}
    ! Paragraph ended before \def was complete.
    <to be read again>
     \par
    l.15 ...mon Spavound; Enrique Martínez-García}}}{}
     \begin{description}
    ! Paragraph ended before \def was complete.
    <to be read again>
     \par
    l.15 ...mon Spavound; Enrique Martínez-García}}}{}
     \begin{description}
    ! Paragraph ended before \def was complete.
    <to be read again>
     \par
    l.15 ...mon Spavound; Enrique Martínez-García}}}{}
     \begin{description}
    ! Paragraph ended before \def was complete.
    <to be read again>
     \par
    l.15 ...mon Spavound; Enrique Martínez-García}}}{}
     \begin{description}
    ! Paragraph ended before \def was complete.
    <to be read again>
     \par
    l.15 ...mon Spavound; Enrique Martínez-García}}}{}
     \begin{description}
    ! Paragraph ended before \def was complete.
    <to be read again>
     \par
    l.15 ...mon Spavound; Enrique Martínez-García}}}{}
     \begin{description}
    ! Paragraph ended before \def was complete.
    <to be read again>
     \par
    l.15 ...mon Spavound; Enrique Martínez-García}}}{}
     \begin{description}
    ! Paragraph ended before \def was complete.
    <to be read again>
     \par
    l.15 ...mon Spavound; Enrique Martínez-García}}}{}
     \begin{description}
    ! Paragraph ended before \def was complete.
    <to be read again>
     \par
    l.15 ...mon Spavound; Enrique Martínez-García}}}{}
     \begin{description}
    ! Paragraph ended before \def was complete.
    <to be read again>
     \par
    l.15 ...mon Spavound; Enrique Martínez-García}}}{}
     \begin{description}
    ! Paragraph ended before \def was complete.
    <to be read again>
     \par
    l.15 ...mon Spavound; Enrique Martínez-García}}}{}
     \begin{description}
    ! Paragraph ended before \def was complete.
    <to be read again>
     \par
    l.15 ...mon Spavound; Enrique Martínez-García}}}{}
     \begin{description}
    ! Paragraph ended before \def was complete.
    <to be read again>
     \par
    l.15 ...mon Spavound; Enrique Martínez-García}}}{}
     \begin{description}
    ! Paragraph ended before \def was complete.
    <to be read again>
     \par
    l.15 ...mon Spavound; Enrique Martínez-García}}}{}
     \begin{description}
    ! Paragraph ended before \def was complete.
    <to be read again>
     \par
    l.15 ...mon Spavound; Enrique Martínez-García}}}{}
     \begin{description}
    ! Paragraph ended before \def was complete.
    <to be read again>
     \par
    l.15 ...mon Spavound; Enrique Martínez-García}}}{}
     \begin{description}
    ! Paragraph ended before \def was complete.
    <to be read again>
     \par
    l.15 ...mon Spavound; Enrique Martínez-García}}}{}
     \begin{description}
    ! Paragraph ended before \def was complete.
    <to be read again>
     \par
    l.15 ...mon Spavound; Enrique Martínez-García}}}{}
     \begin{description}
    ! Paragraph ended before \def was complete.
    <to be read again>
     \par
    l.15 ...mon Spavound; Enrique Martínez-García}}}{}
     \begin{description}
    ! Paragraph ended before \def was complete.
    <to be read again>
     \par
    l.15 ...mon Spavound; Enrique Martínez-García}}}{}
     \begin{description}
    ! Paragraph ended before \def was complete.
    <to be read again>
     \par
    l.15 ...mon Spavound; Enrique Martínez-García}}}{}
     \begin{description}
    ! Paragraph ended before \def was complete.
    <to be read again>
     \par
    l.15 ...mon Spavound; Enrique Martínez-García}}}{}
     \begin{description}
    ! Paragraph ended before \def was complete.
    <to be read again>
     \par
    l.15 ...mon Spavound; Enrique Martínez-García}}}{}
     \begin{description}
    ! Paragraph ended before \def was complete.
    <to be read again>
     \par
    l.15 ...mon Spavound; Enrique Martínez-García}}}{}
     \begin{description}
    ! Paragraph ended before \def was complete.
    <to be read again>
     \par
    l.15 ...mon Spavound; Enrique Martínez-García}}}{}
     \begin{description}
    ! Paragraph ended before \def was complete.
    <to be read again>
     \par
    l.15 ...mon Spavound; Enrique Martínez-García}}}{}
     \begin{description}
    ! Paragraph ended before \def was complete.
    <to be read again>
     \par
    l.15 ...mon Spavound; Enrique Martínez-García}}}{}
     \begin{description}
    ! Paragraph ended before \def was complete.
    <to be read again>
     \par
    l.15 ...mon Spavound; Enrique Martínez-García}}}{}
     \begin{description}
    ! Paragraph ended before \def was complete.
    <to be read again>
     \par
    l.15 ...mon Spavound; Enrique Martínez-García}}}{}
     \begin{description}
    ! Paragraph ended before \def was complete.
    <to be read again>
     \par
    l.15 ...mon Spavound; Enrique Martínez-García}}}{}
     \begin{description}
    ! Paragraph ended before \def was complete.
    <to be read again>
     \par
    l.15 ...mon Spavound; Enrique Martínez-García}}}{}
     \begin{description}
    ! Paragraph ended before \def was complete.
    <to be read again>
     \par
    l.15 ...mon Spavound; Enrique Martínez-García}}}{}
     \begin{description}
    ! Paragraph ended before \def was complete.
    <to be read again>
     \par
    l.15 ...mon Spavound; Enrique Martínez-García}}}{}
     \begin{description}
    ! Paragraph ended before \def was complete.
    <to be read again>
     \par
    l.15 ...mon Spavound; Enrique Martínez-García}}}{}
     \begin{description}
    ! Paragraph ended before \def was complete.
    <to be read again>
     \par
    l.15 ...mon Spavound; Enrique Martínez-García}}}{}
     \begin{description}
    ! Paragraph ended before \def was complete.
    <to be read again>
     \par
    l.15 ...mon Spavound; Enrique Martínez-García}}}{}
     \begin{description}
    ! Paragraph ended before \def was complete.
    <to be read again>
     \par
    l.15 ...mon Spavound; Enrique Martínez-García}}}{}
     \begin{description}
    ! Paragraph ended before \def was complete.
    <to be read again>
     \par
    l.15 ...mon Spavound; Enrique Martínez-García}}}{}
     \begin{description}
    ! Paragraph ended before \def was complete.
    <to be read again>
     \par
    l.15 ...mon Spavound; Enrique Martínez-García}}}{}
     \begin{description}
    ! Paragraph ended before \def was complete.
    <to be read again>
     \par
    l.15 ...mon Spavound; Enrique Martínez-García}}}{}
     \begin{description}
    ! Paragraph ended before \def was complete.
    <to be read again>
     \par
    l.15 ...mon Spavound; Enrique Martínez-García}}}{}
     \begin{description}
    ! Paragraph ended before \def was complete.
    <to be read again>
     \par
    l.15 ...mon Spavound; Enrique Martínez-García}}}{}
     \begin{description}
    ! Paragraph ended before \def was complete.
    <to be read again>
     \par
    l.15 ...mon Spavound; Enrique Martínez-García}}}{}
     \begin{description}
    ! Paragraph ended before \def was complete.
    <to be read again>
     \par
    l.15 ...mon Spavound; Enrique Martínez-García}}}{}
     \begin{description}
    ! Paragraph ended before \def was complete.
    <to be read again>
     \par
    l.15 ...mon Spavound; Enrique Martínez-García}}}{}
     \begin{description}
    ! Paragraph ended before \def was complete.
    <to be read again>
     \par
    l.15 ...mon Spavound; Enrique Martínez-García}}}{}
     \begin{description}
    ! Paragraph ended before \def was complete.
    <to be read again>
     \par
    l.15 ...mon Spavound; Enrique Martínez-García}}}{}
     \begin{description}
    ! Paragraph ended before \def was complete.
    <to be read again>
     \par
    l.15 ...mon Spavound; Enrique Martínez-García}}}{}
     \begin{description}
    ! Paragraph ended before \def was complete.
    <to be read again>
     \par
    l.15 ...mon Spavound; Enrique Martínez-García}}}{}
     \begin{description}
    ! Paragraph ended before \def was complete.
    <to be read again>
     \par
    l.15 ...mon Spavound; Enrique Martínez-García}}}{}
     \begin{description}
    ! Paragraph ended before \def was complete.
    <to be read again>
     \par
    l.15 ...mon Spavound; Enrique Martínez-García}}}{}
     \begin{description}
    ! Paragraph ended before \def was complete.
    <to be read again>
     \par
    l.15 ...mon Spavound; Enrique Martínez-García}}}{}
     \begin{description}
    ! Paragraph ended before \def was complete.
    <to be read again>
     \par
    l.15 ...mon Spavound; Enrique Martínez-García}}}{}
     \begin{description}
    ! Paragraph ended before \def was complete.
    <to be read again>
     \par
    l.15 ...mon Spavound; Enrique Martínez-García}}}{}
     \begin{description}
    ! Paragraph ended before \def was complete.
    <to be read again>
     \par
    l.15 ...mon Spavound; Enrique Martínez-García}}}{}
     \begin{description}
    ! Paragraph ended before \def was complete.
    <to be read again>
     \par
    l.15 ...mon Spavound; Enrique Martínez-García}}}{}
     \begin{description}
    ! Paragraph ended before \def was complete.
    <to be read again>
     \par
    l.15 ...mon Spavound; Enrique Martínez-García}}}{}
     \begin{description}
    ! Paragraph ended before \def was complete.
    <to be read again>
     \par
    l.15 ...mon Spavound; Enrique Martínez-García}}}{}
     \begin{description}
    ! Paragraph ended before \def was complete.
    <to be read again>
     \par
    l.15 ...mon Spavound; Enrique Martínez-García}}}{}
     \begin{description}
    ! Paragraph ended before \def was complete.
    <to be read again>
     \par
    l.15 ...mon Spavound; Enrique Martínez-García}}}{}
     \begin{description}
    ! Paragraph ended before \def was complete.
    <to be read again>
     \par
    l.15 ...mon Spavound; Enrique Martínez-García}}}{}
     \begin{description}
    ! Paragraph ended before \def was complete.
    <to be read again>
     \par
    l.15 ...mon Spavound; Enrique Martínez-García}}}{}
     \begin{description}
    ! Paragraph ended before \def was complete.
    <to be read again>
     \par
    l.15 ...mon Spavound; Enrique Martínez-García}}}{}
     \begin{description}
    ! Paragraph ended before \def was complete.
    <to be read again>
     \par
    l.15 ...mon Spavound; Enrique Martínez-García}}}{}
     \begin{description}
    ! Paragraph ended before \def was complete.
    <to be read again>
     \par
    l.15 ...mon Spavound; Enrique Martínez-García}}}{}
     \begin{description}
    ! Paragraph ended before \def was complete.
    <to be read again>
     \par
    l.15 ...mon Spavound; Enrique Martínez-García}}}{}
     \begin{description}
    ! Paragraph ended before \def was complete.
    <to be read again>
     \par
    l.15 ...mon Spavound; Enrique Martínez-García}}}{}
     \begin{description}
    ! Paragraph ended before \def was complete.
    <to be read again>
     \par
    l.15 ...mon Spavound; Enrique Martínez-García}}}{}
     \begin{description}
    ! Paragraph ended before \def was complete.
    <to be read again>
     \par
    l.15 ...mon Spavound; Enrique Martínez-García}}}{}
     \begin{description}
    ! Paragraph ended before \def was complete.
    <to be read again>
     \par
    l.15 ...mon Spavound; Enrique Martínez-García}}}{}
     \begin{description}
    ! Paragraph ended before \def was complete.
    <to be read again>
     \par
    l.15 ...mon Spavound; Enrique Martínez-García}}}{}
     \begin{description}
    ! Paragraph ended before \def was complete.
    <to be read again>
     \par
    l.15 ...mon Spavound; Enrique Martínez-García}}}{}
     \begin{description}
    ! Paragraph ended before \def was complete.
    <to be read again>
     \par
    l.15 ...mon Spavound; Enrique Martínez-García}}}{}
     \begin{description}
    ! Paragraph ended before \def was complete.
    <to be read again>
     \par
    l.15 ...mon Spavound; Enrique Martínez-García}}}{}
     \begin{description}
    ! Paragraph ended before \def was complete.
    <to be read again>
     \par
    l.15 ...mon Spavound; Enrique Martínez-García}}}{}
     \begin{description}
    ! Paragraph ended before \def was complete.
    <to be read again>
     \par
    l.15 ...mon Spavound; Enrique Martínez-García}}}{}
     \begin{description}
    ! Paragraph ended before \def was complete.
    <to be read again>
     \par
    l.15 ...mon Spavound; Enrique Martínez-García}}}{}
     \begin{description}
    ! ==> Fatal error occurred, no output PDF file produced!
Flavor: r-release-windows-ix86+x86_64