CRAN Package Check Results for Package exploratory

Last updated on 2022-07-06 07:48:58 CEST.

Flavor Version Tinstall Tcheck Ttotal Status Flags
r-devel-linux-x86_64-debian-clang 0.3.13 10.84 97.06 107.90 OK
r-devel-linux-x86_64-debian-gcc 0.3.13 8.57 71.02 79.59 OK
r-devel-linux-x86_64-fedora-clang 0.3.13 131.78 WARN
r-devel-linux-x86_64-fedora-gcc 0.3.13 133.36 WARN
r-devel-windows-x86_64 0.3.13 36.00 134.00 170.00 OK
r-patched-linux-x86_64 0.3.13 10.31 90.24 100.55 OK
r-release-linux-x86_64 0.3.13 9.93 89.90 99.83 OK
r-release-macos-arm64 0.3.13 40.00 OK
r-release-macos-x86_64 0.3.13 66.00 OK
r-release-windows-x86_64 0.3.13 35.00 136.00 171.00 OK
r-oldrel-macos-arm64 0.3.13 49.00 OK
r-oldrel-macos-x86_64 0.3.13 64.00 OK
r-oldrel-windows-ix86+x86_64 0.3.13 25.00 108.00 133.00 OK

Check Details

Version: 0.3.13
Check: package dependencies
Result: WARN
    Requires (indirectly) orphaned package: ‘gtools’
Flavors: r-devel-linux-x86_64-fedora-clang, r-devel-linux-x86_64-fedora-gcc