CRAN Package Check Results for Package exactextractr

Last updated on 2022-01-26 06:50:13 CET.

Flavor Version Tinstall Tcheck Ttotal Status Flags
r-devel-linux-x86_64-debian-clang 0.7.2 87.43 359.35 446.78 OK
r-devel-linux-x86_64-debian-gcc 0.7.2 68.85 273.21 342.06 OK
r-devel-linux-x86_64-fedora-clang 0.7.2 582.98 OK
r-devel-linux-x86_64-fedora-gcc 0.7.2 577.26 OK
r-devel-windows-x86_64-new-UL 0.7.2 196.00 431.00 627.00 OK
r-devel-windows-x86_64-new-TK 0.7.2 OK
r-patched-linux-x86_64 0.7.2 80.20 330.58 410.78 OK
r-release-linux-x86_64 0.7.2 81.07 330.78 411.85 OK
r-release-macos-arm64 0.7.2 NOTE
r-release-macos-x86_64 0.7.2 NOTE
r-release-windows-ix86+x86_64 0.7.2 229.00 564.00 793.00 NOTE
r-oldrel-macos-x86_64 0.7.2 NOTE
r-oldrel-windows-ix86+x86_64 0.7.2 233.00 580.00 813.00 NOTE

Check Details

Version: 0.7.2
Check: installed package size
Result: NOTE
     installed size is 40.1Mb
     sub-directories of 1Mb or more:
     libs 39.3Mb
Flavors: r-release-macos-arm64, r-release-macos-x86_64, r-release-windows-ix86+x86_64, r-oldrel-macos-x86_64, r-oldrel-windows-ix86+x86_64