CRAN Package Check Results for Package eventr

Last updated on 2022-01-27 06:48:33 CET.

Flavor Version Tinstall Tcheck Ttotal Status Flags
r-devel-linux-x86_64-debian-clang 1.0.0 3.90 52.03 55.93 NOTE
r-devel-linux-x86_64-debian-gcc 1.0.0 2.99 39.32 42.31 NOTE
r-devel-linux-x86_64-fedora-clang 1.0.0 66.91 NOTE
r-devel-linux-x86_64-fedora-gcc 1.0.0 54.45 NOTE
r-devel-windows-x86_64-new-UL 1.0.0 30.00 72.00 102.00 NOTE
r-devel-windows-x86_64-new-TK 1.0.0 NOTE
r-patched-linux-x86_64 1.0.0 4.15 46.99 51.14 NOTE
r-release-linux-x86_64 1.0.0 3.25 45.90 49.15 NOTE
r-release-macos-arm64 1.0.0 NOTE
r-release-macos-x86_64 1.0.0 NOTE
r-release-windows-ix86+x86_64 1.0.0 11.00 55.00 66.00 NOTE
r-oldrel-macos-x86_64 1.0.0 OK
r-oldrel-windows-ix86+x86_64 1.0.0 11.00 57.00 68.00 OK

Check Details

Version: 1.0.0
Check: LazyData
Result: NOTE
     'LazyData' is specified without a 'data' directory
Flavors: r-devel-linux-x86_64-debian-clang, r-devel-linux-x86_64-debian-gcc, r-devel-linux-x86_64-fedora-clang, r-devel-linux-x86_64-fedora-gcc, r-devel-windows-x86_64-new-UL, r-devel-windows-x86_64-new-TK, r-patched-linux-x86_64, r-release-linux-x86_64, r-release-macos-arm64, r-release-macos-x86_64, r-release-windows-ix86+x86_64