CRAN Package Check Results for Package estimraw

Last updated on 2022-05-25 07:50:19 CEST.

Flavor Version Tinstall Tcheck Ttotal Status Flags
r-devel-linux-x86_64-debian-clang 1.0.0 5.77 59.09 64.86 NOTE
r-devel-linux-x86_64-debian-gcc 1.0.0 4.54 43.90 48.44 NOTE
r-devel-linux-x86_64-fedora-clang 1.0.0 77.57 NOTE
r-devel-linux-x86_64-fedora-gcc 1.0.0 74.06 NOTE
r-devel-windows-x86_64 1.0.0 12.00 74.00 86.00 NOTE
r-patched-linux-x86_64 1.0.0 4.53 55.63 60.16 NOTE
r-release-linux-x86_64 1.0.0 NOTE
r-release-macos-arm64 1.0.0 21.00 NOTE
r-release-macos-x86_64 1.0.0 39.00 NOTE
r-release-windows-x86_64 1.0.0 12.00 70.00 82.00 NOTE
r-oldrel-macos-arm64 1.0.0 26.00 NOTE
r-oldrel-macos-x86_64 1.0.0 33.00 NOTE
r-oldrel-windows-ix86+x86_64 1.0.0 14.00 65.00 79.00 NOTE

Check Details

Version: 1.0.0
Check: LazyData
Result: NOTE
     'LazyData' is specified without a 'data' directory
Flavors: r-devel-linux-x86_64-debian-clang, r-devel-linux-x86_64-debian-gcc, r-devel-linux-x86_64-fedora-clang, r-devel-linux-x86_64-fedora-gcc, r-devel-windows-x86_64, r-patched-linux-x86_64, r-release-linux-x86_64, r-release-macos-arm64, r-release-macos-x86_64, r-release-windows-x86_64, r-oldrel-macos-arm64, r-oldrel-macos-x86_64, r-oldrel-windows-ix86+x86_64