CRAN Package Check Results for Package esc

Last updated on 2022-08-15 07:50:14 CEST.

Flavor Version Tinstall Tcheck Ttotal Status Flags
r-devel-linux-x86_64-debian-clang 0.5.1 4.13 32.00 36.13 OK
r-devel-linux-x86_64-debian-gcc 0.5.1 2.90 24.12 27.02 OK
r-devel-linux-x86_64-fedora-clang 0.5.1 53.38 NOTE
r-devel-linux-x86_64-fedora-gcc 0.5.1 52.64 OK
r-devel-windows-x86_64 0.5.1 16.00 57.00 73.00 OK
r-patched-linux-x86_64 0.5.1 3.66 29.21 32.87 OK
r-release-linux-x86_64 0.5.1 3.54 28.64 32.18 OK
r-release-macos-arm64 0.5.1 17.00 OK
r-release-macos-x86_64 0.5.1 22.00 OK
r-release-windows-x86_64 0.5.1 9.00 54.00 63.00 OK
r-oldrel-macos-arm64 0.5.1 20.00 OK
r-oldrel-macos-x86_64 0.5.1 29.00 OK
r-oldrel-windows-ix86+x86_64 0.5.1 7.00 34.00 41.00 OK

Check Details

Version: 0.5.1
Check: Rd cross-references
Result: NOTE
    Undeclared package ‘metafor’ in Rd xrefs
Flavor: r-devel-linux-x86_64-fedora-clang