CRAN Package Check Results for Package errorlocate

Last updated on 2022-01-29 06:49:32 CET.

Flavor Version Tinstall Tcheck Ttotal Status Flags
r-devel-linux-x86_64-debian-clang 0.9.9 8.50 71.20 79.70 OK
r-devel-linux-x86_64-debian-gcc 0.9.9 5.38 55.39 60.77 OK
r-devel-linux-x86_64-fedora-clang 0.9.9 92.87 NOTE
r-devel-linux-x86_64-fedora-gcc 0.9.9 83.44 NOTE
r-devel-windows-x86_64-new-UL 0.9.9 123.00 96.00 219.00 OK
r-devel-windows-x86_64-new-TK 0.9.9 NOTE
r-patched-linux-x86_64 0.9.9 7.52 66.28 73.80 OK
r-release-linux-x86_64 0.9.9 5.88 66.37 72.25 OK
r-release-macos-arm64 0.9.9 NOTE
r-release-macos-x86_64 0.9.9 NOTE
r-release-windows-ix86+x86_64 0.9.9 19.00 83.00 102.00 OK
r-oldrel-macos-x86_64 0.9.9 NOTE
r-oldrel-windows-ix86+x86_64 0.9.9 18.00 84.00 102.00 OK

Check Details

Version: 0.9.9
Check: dependencies in R code
Result: NOTE
    Namespace in Imports field not imported from: ‘parallel’
     All declared Imports should be used.
Flavors: r-devel-linux-x86_64-fedora-clang, r-devel-linux-x86_64-fedora-gcc, r-devel-windows-x86_64-new-TK, r-release-macos-arm64, r-release-macos-x86_64, r-oldrel-macos-x86_64