CRAN Package Check Results for Package epocakir

Last updated on 2022-01-25 07:50:05 CET.

Flavor Version Tinstall Tcheck Ttotal Status Flags
r-devel-linux-x86_64-debian-clang 0.9.7 4.38 72.35 76.73 OK
r-devel-linux-x86_64-debian-gcc 0.9.7 3.87 56.33 60.20 OK
r-devel-linux-x86_64-fedora-clang 0.9.7 92.15 NOTE
r-devel-linux-x86_64-fedora-gcc 0.9.7 82.68 NOTE
r-devel-windows-x86_64-new-UL 0.9.7 70.00 101.00 171.00 OK
r-devel-windows-x86_64-new-TK 0.9.7 NOTE
r-patched-linux-x86_64 0.9.7 4.58 69.35 73.93 OK
r-release-linux-x86_64 0.9.7 2.85 68.54 71.39 OK
r-release-macos-arm64 0.9.7 NOTE
r-release-macos-x86_64 0.9.7 NOTE
r-release-windows-ix86+x86_64 0.9.7 9.00 90.00 99.00 OK
r-oldrel-macos-x86_64 0.9.7 NOTE
r-oldrel-windows-ix86+x86_64 0.9.7 8.00 89.00 97.00 OK

Check Details

Version: 0.9.7
Check: dependencies in R code
Result: NOTE
    Namespaces in Imports field not imported from:
     ‘tidyselect’ ‘vctrs’
     All declared Imports should be used.
Flavors: r-devel-linux-x86_64-fedora-clang, r-devel-linux-x86_64-fedora-gcc, r-devel-windows-x86_64-new-TK, r-release-macos-arm64, r-release-macos-x86_64, r-oldrel-macos-x86_64