CRAN Package Check Results for Package epifitter

Last updated on 2022-08-14 07:54:37 CEST.

Flavor Version Tinstall Tcheck Ttotal Status Flags
r-devel-linux-x86_64-debian-clang 0.3.0 2.87 80.37 83.24 OK
r-devel-linux-x86_64-debian-gcc 0.3.0 2.85 58.59 61.44 OK
r-devel-linux-x86_64-fedora-clang 0.3.0 113.00 NOTE
r-devel-linux-x86_64-fedora-gcc 0.3.0 109.08 NOTE
r-devel-windows-x86_64 0.3.0 26.00 114.00 140.00 OK
r-patched-linux-x86_64 0.3.0 3.44 74.31 77.75 OK
r-release-linux-x86_64 0.3.0 3.48 74.84 78.32 OK
r-release-macos-arm64 0.3.0 39.00 NOTE
r-release-macos-x86_64 0.3.0 68.00 NOTE
r-release-windows-x86_64 0.3.0 23.00 114.00 137.00 OK
r-oldrel-macos-arm64 0.3.0 50.00 NOTE
r-oldrel-macos-x86_64 0.3.0 46.00 NOTE
r-oldrel-windows-ix86+x86_64 0.3.0 9.00 99.00 108.00 OK

Check Details

Version: 0.3.0
Check: dependencies in R code
Result: NOTE
    Namespace in Imports field not imported from: ‘knitr’
     All declared Imports should be used.
Flavors: r-devel-linux-x86_64-fedora-clang, r-devel-linux-x86_64-fedora-gcc, r-release-macos-arm64, r-release-macos-x86_64, r-oldrel-macos-arm64, r-oldrel-macos-x86_64