CRAN Package Check Results for Package epiR

Last updated on 2022-01-26 06:50:13 CET.

Flavor Version Tinstall Tcheck Ttotal Status Flags
r-devel-linux-x86_64-debian-clang 2.0.41 32.81 244.16 276.97 OK
r-devel-linux-x86_64-debian-gcc 2.0.41 27.35 181.80 209.15 OK
r-devel-linux-x86_64-fedora-clang 2.0.41 326.92 OK
r-devel-linux-x86_64-fedora-gcc 2.0.41 321.63 OK
r-devel-windows-x86_64-new-UL 2.0.41 120.00 291.00 411.00 OK
r-devel-windows-x86_64-new-TK 2.0.41 OK
r-patched-linux-x86_64 2.0.41 32.65 240.68 273.33 OK
r-release-linux-x86_64 2.0.41 33.40 239.51 272.91 OK
r-release-macos-arm64 2.0.41 OK
r-release-macos-x86_64 2.0.41 WARN --as-cran
r-release-windows-ix86+x86_64 2.0.41 57.00 265.00 322.00 OK
r-oldrel-macos-x86_64 2.0.41 OK
r-oldrel-windows-ix86+x86_64 2.0.41 57.00 288.00 345.00 OK

Check Details

Version: 2.0.41
Flags: --as-cran
Check: CRAN incoming feasibility
Result: WARN
    Maintainer: ‘Mark Stevenson <mark.stevenson1@unimelb.edu.au>’
    
    Insufficient package version (submitted: 2.0.41, existing: 2.0.41)
    
    Days since last update: 1
    Number of updates in past 6 months: 8
Flavor: r-release-macos-x86_64