Last updated on 2022-07-06 07:48:57 CEST.
Flavor | Version | Tinstall | Tcheck | Ttotal | Status | Flags |
---|---|---|---|---|---|---|
r-devel-linux-x86_64-debian-clang | 0.1.13 | 38.82 | 514.17 | 552.99 | OK | |
r-devel-linux-x86_64-debian-gcc | 0.1.13 | 34.15 | 380.76 | 414.91 | OK | |
r-devel-linux-x86_64-fedora-clang | 0.1.13 | 661.66 | WARN | |||
r-devel-linux-x86_64-fedora-gcc | 0.1.13 | 692.77 | WARN | |||
r-devel-windows-x86_64 | 0.1.13 | 41.00 | 537.00 | 578.00 | OK | |
r-patched-linux-x86_64 | 0.1.13 | 39.18 | 495.19 | 534.37 | OK | |
r-release-linux-x86_64 | 0.1.13 | 34.50 | 500.84 | 535.34 | OK | |
r-release-macos-arm64 | 0.1.13 | 233.00 | OK | |||
r-release-macos-x86_64 | 0.1.13 | 334.00 | OK | |||
r-release-windows-x86_64 | 0.1.13 | 40.00 | 561.00 | 601.00 | OK | |
r-oldrel-macos-arm64 | 0.1.13 | 225.00 | OK | |||
r-oldrel-macos-x86_64 | 0.1.13 | 251.00 | OK | |||
r-oldrel-windows-ix86+x86_64 | 0.1.13 | 89.00 | 580.00 | 669.00 | OK |
Version: 0.1.13
Check: package dependencies
Result: WARN
Requires (indirectly) orphaned package: ‘gtools’
Flavors: r-devel-linux-x86_64-fedora-clang, r-devel-linux-x86_64-fedora-gcc