CRAN Package Check Results for Package envalysis

Last updated on 2022-07-02 07:06:58 CEST.

Flavor Version Tinstall Tcheck Ttotal Status Flags
r-devel-linux-x86_64-debian-clang 0.5.1 12.70 129.90 142.60 OK
r-devel-linux-x86_64-debian-gcc 0.5.1 9.68 96.91 106.59 OK
r-devel-linux-x86_64-fedora-clang 0.5.1 177.13 WARN
r-devel-linux-x86_64-fedora-gcc 0.5.1 174.73 WARN
r-devel-windows-x86_64 0.5.1 41.00 154.00 195.00 OK
r-patched-linux-x86_64 0.5.1 10.69 123.49 134.18 OK
r-release-linux-x86_64 0.5.1 12.36 122.03 134.39 OK
r-release-macos-arm64 0.5.1 46.00 OK
r-release-macos-x86_64 0.5.1 87.00 OK
r-release-windows-x86_64 0.5.1 37.00 154.00 191.00 OK
r-oldrel-macos-arm64 0.5.1 78.00 OK
r-oldrel-macos-x86_64 0.5.1 112.00 OK
r-oldrel-windows-ix86+x86_64 0.5.1 30.00 152.00 182.00 OK

Check Details

Version: 0.5.1
Check: package dependencies
Result: WARN
    Requires (indirectly) orphaned package: ‘gtools’
Flavors: r-devel-linux-x86_64-fedora-clang, r-devel-linux-x86_64-fedora-gcc