CRAN Package Check Results for Package enerscape

Last updated on 2022-01-26 06:50:13 CET.

Flavor Version Tinstall Tcheck Ttotal Status Flags
r-devel-linux-x86_64-debian-clang 0.1.3 2.66 66.53 69.19 OK
r-devel-linux-x86_64-debian-gcc 0.1.3 2.01 50.47 52.48 OK
r-devel-linux-x86_64-fedora-clang 0.1.3 82.61 NOTE
r-devel-linux-x86_64-fedora-gcc 0.1.3 73.42 NOTE
r-devel-windows-x86_64-new-UL 0.1.3 29.00 83.00 112.00 OK
r-devel-windows-x86_64-new-TK 0.1.3 NOTE
r-patched-linux-x86_64 0.1.3 2.40 61.70 64.10 OK
r-release-linux-x86_64 0.1.3 2.17 61.11 63.28 OK
r-release-macos-arm64 0.1.3 NOTE
r-release-macos-x86_64 0.1.3 NOTE
r-release-windows-ix86+x86_64 0.1.3 6.00 71.00 77.00 OK
r-oldrel-macos-x86_64 0.1.3 NOTE
r-oldrel-windows-ix86+x86_64 0.1.3 6.00 73.00 79.00 OK

Check Details

Version: 0.1.3
Check: dependencies in R code
Result: NOTE
    Namespaces in Imports field not imported from:
     ‘rgdal’ ‘rgeos’
     All declared Imports should be used.
Flavors: r-devel-linux-x86_64-fedora-clang, r-devel-linux-x86_64-fedora-gcc, r-devel-windows-x86_64-new-TK, r-release-macos-arm64, r-release-macos-x86_64, r-oldrel-macos-x86_64